Last updated on 2025-05-28 09:53:07 CEST.
Flavor | Version | Tinstall | Tcheck | Ttotal | Status | Flags |
---|---|---|---|---|---|---|
r-devel-linux-x86_64-debian-clang | 0.0.5 | 89.75 | 27.70 | 117.45 | NOTE | |
r-devel-linux-x86_64-debian-gcc | 0.0.5 | 63.18 | 20.94 | 84.12 | NOTE | |
r-devel-linux-x86_64-fedora-clang | 0.0.5 | 267.85 | NOTE | |||
r-devel-linux-x86_64-fedora-gcc | 0.0.5 | 202.79 | NOTE | |||
r-devel-windows-x86_64 | 0.0.5 | 105.00 | 69.00 | 174.00 | NOTE | |
r-patched-linux-x86_64 | 0.0.5 | 83.99 | 25.28 | 109.27 | NOTE | |
r-release-linux-x86_64 | 0.0.5 | 89.73 | 25.38 | 115.11 | NOTE | |
r-release-macos-arm64 | 0.0.5 | 46.00 | NOTE | |||
r-release-macos-x86_64 | 0.0.5 | 53.00 | NOTE | |||
r-release-windows-x86_64 | 0.0.5 | 106.00 | 63.00 | 169.00 | NOTE | |
r-oldrel-macos-arm64 | 0.0.5 | 47.00 | NOTE | |||
r-oldrel-macos-x86_64 | 0.0.5 | 48.00 | NOTE | |||
r-oldrel-windows-x86_64 | 0.0.5 | 115.00 | 76.00 | 191.00 | NOTE |
Version: 0.0.5
Check: Rd files
Result: NOTE
checkRd: (-1) farthest_point_sampling.Rd:28: Lost braces; missing escapes or markup?
28 | space P = {p_1, ..., p_k}, such that each p_i is the farthest
| ^
Flavors: r-devel-linux-x86_64-debian-clang, r-devel-linux-x86_64-debian-gcc, r-devel-linux-x86_64-fedora-clang, r-devel-linux-x86_64-fedora-gcc, r-devel-windows-x86_64, r-patched-linux-x86_64, r-release-linux-x86_64, r-release-macos-arm64, r-release-macos-x86_64, r-release-windows-x86_64, r-oldrel-macos-arm64, r-oldrel-macos-x86_64, r-oldrel-windows-x86_64
Version: 0.0.5
Check: LazyData
Result: NOTE
'LazyData' is specified without a 'data' directory
Flavors: r-oldrel-macos-arm64, r-oldrel-macos-x86_64, r-oldrel-windows-x86_64