Last updated on 2024-08-05 09:48:16 CEST.
Flavor | Version | Tinstall | Tcheck | Ttotal | Status | Flags |
---|---|---|---|---|---|---|
r-devel-linux-x86_64-debian-clang | 1.1.0 | 28.17 | 515.22 | 543.39 | OK | |
r-devel-linux-x86_64-debian-gcc | 1.1.0 | 16.59 | 256.99 | 273.58 | OK | |
r-devel-linux-x86_64-fedora-clang | 1.1.0 | 715.47 | NOTE | |||
r-devel-linux-x86_64-fedora-gcc | 1.1.0 | 645.53 | OK | |||
r-devel-windows-x86_64 | 1.1.0 | 30.00 | 392.00 | 422.00 | OK | |
r-patched-linux-x86_64 | 1.1.0 | 31.79 | 368.14 | 399.93 | OK | |
r-release-linux-x86_64 | 1.1.0 | 25.22 | 494.97 | 520.19 | OK | |
r-release-macos-arm64 | 1.1.0 | 190.00 | OK | |||
r-release-macos-x86_64 | 1.1.0 | 525.00 | OK | |||
r-release-windows-x86_64 | 1.1.0 | 29.00 | 390.00 | 419.00 | OK | |
r-oldrel-macos-arm64 | 1.1.0 | 10.00 | ERROR | |||
r-oldrel-macos-x86_64 | 1.1.0 | 12.00 | ERROR | |||
r-oldrel-windows-x86_64 | 1.1.0 | 35.00 | 512.00 | 547.00 | OK |
Version: 1.1.0
Check: Rd cross-references
Result: NOTE
Undeclared packages ‘fastICA’, ‘dimRed’ in Rd xrefs
Flavor: r-devel-linux-x86_64-fedora-clang
Version: 1.1.0
Check: package dependencies
Result: ERROR
Package required and available but unsuitable version: ‘hardhat’
See section ‘The DESCRIPTION file’ in the ‘Writing R Extensions’
manual.
Flavors: r-oldrel-macos-arm64, r-oldrel-macos-x86_64