Last updated on 2025-11-21 09:49:14 CET.
| Flavor | Version | Tinstall | Tcheck | Ttotal | Status | Flags |
|---|---|---|---|---|---|---|
| r-devel-linux-x86_64-debian-clang | 3.2.2 | 12.11 | 186.19 | 198.30 | NOTE | |
| r-devel-linux-x86_64-debian-gcc | 3.2.2 | 8.46 | 132.01 | 140.47 | NOTE | |
| r-devel-linux-x86_64-fedora-clang | 3.2.2 | 21.00 | 279.33 | 300.33 | NOTE | |
| r-devel-linux-x86_64-fedora-gcc | 3.2.2 | 49.00 | 278.03 | 327.03 | NOTE | |
| r-devel-windows-x86_64 | 3.2.2 | 33.00 | 254.00 | 287.00 | NOTE | |
| r-patched-linux-x86_64 | 3.2.2 | 11.18 | 179.77 | 190.95 | NOTE | |
| r-release-linux-x86_64 | 3.2.2 | 11.61 | 180.50 | 192.11 | NOTE | |
| r-release-macos-arm64 | 3.2.2 | NOTE | ||||
| r-release-macos-x86_64 | 3.2.2 | 13.00 | 215.00 | 228.00 | NOTE | |
| r-release-windows-x86_64 | 3.2.2 | 24.00 | 245.00 | 269.00 | NOTE | |
| r-oldrel-macos-arm64 | 3.2.2 | NOTE | ||||
| r-oldrel-macos-x86_64 | 3.2.2 | 7.00 | 139.00 | 146.00 | NOTE | |
| r-oldrel-windows-x86_64 | 3.2.2 | 23.00 | 308.00 | 331.00 | NOTE |
Version: 3.2.2
Check: Rd files
Result: NOTE
checkRd: (-1) plot.ehh.Rd:27: Lost braces
27 | \item{type}{plot type (see code{\link[graphics]{plot.default}} and \code{\link[graphics]{matplot}}).
| ^
checkRd: (-1) plot.ehhs.Rd:27: Lost braces
27 | \item{type}{plot type (see code{\link[graphics]{plot.default}}.
| ^
Flavors: r-devel-linux-x86_64-debian-clang, r-devel-linux-x86_64-debian-gcc, r-devel-linux-x86_64-fedora-clang, r-devel-linux-x86_64-fedora-gcc, r-devel-windows-x86_64, r-patched-linux-x86_64, r-release-linux-x86_64, r-release-macos-arm64, r-release-macos-x86_64, r-release-windows-x86_64, r-oldrel-macos-arm64, r-oldrel-macos-x86_64, r-oldrel-windows-x86_64
Version: 3.2.2
Check: compiled code
Result: NOTE
File ‘rehh/libs/rehh.so’:
Found non-API call to R: ‘SETLENGTH’
Compiled code should not call non-API entry points in R.
See ‘Writing portable packages’ in the ‘Writing R Extensions’ manual,
and section ‘Moving into C API compliance’ for issues with the use of
non-API entry points.
Flavors: r-devel-linux-x86_64-debian-clang, r-devel-linux-x86_64-debian-gcc, r-devel-linux-x86_64-fedora-clang, r-devel-linux-x86_64-fedora-gcc, r-patched-linux-x86_64, r-release-linux-x86_64, r-release-macos-arm64, r-release-macos-x86_64
Version: 3.2.2
Check: compiled code
Result: NOTE
File 'rehh/libs/x64/rehh.dll':
Found non-API call to R: 'SETLENGTH'
Compiled code should not call non-API entry points in R.
See 'Writing portable packages' in the 'Writing R Extensions' manual,
and section 'Moving into C API compliance' for issues with the use of
non-API entry points.
Flavors: r-devel-windows-x86_64, r-release-windows-x86_64