Last updated on 2024-09-08 09:48:28 CEST.
Flavor | Version | Tinstall | Tcheck | Ttotal | Status | Flags |
---|---|---|---|---|---|---|
r-devel-linux-x86_64-debian-clang | 1.3.0 | 40.66 | 54.90 | 95.56 | OK | |
r-devel-linux-x86_64-debian-gcc | 1.3.0 | 29.97 | 37.27 | 67.24 | OK | |
r-devel-linux-x86_64-fedora-clang | 1.3.0 | 161.89 | OK | |||
r-devel-linux-x86_64-fedora-gcc | 1.3.0 | 174.38 | OK | |||
r-devel-windows-x86_64 | 1.3.0 | 46.00 | 96.00 | 142.00 | OK | |
r-patched-linux-x86_64 | 1.3.0 | 44.31 | 51.51 | 95.82 | OK | |
r-release-linux-x86_64 | 1.3.0 | 44.09 | 51.15 | 95.24 | OK | |
r-release-macos-arm64 | 1.3.0 | 37.00 | NOTE | |||
r-release-macos-x86_64 | 1.3.0 | 62.00 | NOTE | |||
r-release-windows-x86_64 | 1.3.0 | 43.00 | 94.00 | 137.00 | OK | |
r-oldrel-macos-arm64 | 1.3.0 | 55.00 | NOTE | |||
r-oldrel-macos-x86_64 | 1.3.0 | 122.00 | NOTE | |||
r-oldrel-windows-x86_64 | 1.3.0 | 54.00 | 109.00 | 163.00 | OK |
Version: 1.3.0
Check: installed package size
Result: NOTE
installed size is 6.2Mb
sub-directories of 1Mb or more:
libs 6.0Mb
Flavors: r-release-macos-arm64, r-release-macos-x86_64, r-oldrel-macos-arm64, r-oldrel-macos-x86_64