Last updated on 2025-11-14 09:50:13 CET.
| Flavor | Version | Tinstall | Tcheck | Ttotal | Status | Flags |
|---|---|---|---|---|---|---|
| r-devel-linux-x86_64-debian-clang | 0.0.1 | 1.76 | 22.11 | 23.87 | OK | |
| r-devel-linux-x86_64-debian-gcc | 0.0.1 | 1.43 | 18.97 | 20.40 | OK | |
| r-devel-linux-x86_64-fedora-clang | 0.0.1 | 36.84 | OK | |||
| r-devel-linux-x86_64-fedora-gcc | 0.0.1 | 51.41 | OK | |||
| r-devel-windows-x86_64 | 0.0.1 | 3.00 | 41.00 | 44.00 | OK | |
| r-patched-linux-x86_64 | 0.0.1 | 1.54 | 20.87 | 22.41 | OK | |
| r-release-linux-x86_64 | 0.0.1 | 1.61 | 21.20 | 22.81 | OK | |
| r-release-macos-arm64 | 0.0.1 | 1.00 | 23.00 | 24.00 | OK | |
| r-release-macos-x86_64 | 0.0.1 | 1.00 | 36.00 | 37.00 | OK | |
| r-release-windows-x86_64 | 0.0.1 | 2.00 | 40.00 | 42.00 | OK | |
| r-oldrel-macos-arm64 | 0.0.1 | 1.00 | 19.00 | 20.00 | NOTE | |
| r-oldrel-macos-x86_64 | 0.0.1 | 1.00 | 34.00 | 35.00 | NOTE | |
| r-oldrel-windows-x86_64 | 0.0.1 | 4.00 | 46.00 | 50.00 | NOTE |
Version: 0.0.1
Check: LazyData
Result: NOTE
'LazyData' is specified without a 'data' directory
Flavors: r-oldrel-macos-arm64, r-oldrel-macos-x86_64, r-oldrel-windows-x86_64