CRAN Package Check Results for Package rethinker

Last updated on 2025-11-23 09:51:00 CET.

Flavor Version Tinstall Tcheck Ttotal Status Flags
r-devel-linux-x86_64-debian-clang 1.1.0 2.06 21.84 23.90 NOTE
r-devel-linux-x86_64-debian-gcc 1.1.0 1.66 17.58 19.24 NOTE
r-devel-linux-x86_64-fedora-clang 1.1.0 35.71 OK
r-devel-linux-x86_64-fedora-gcc 1.1.0 33.44 OK
r-devel-windows-x86_64 1.1.0 4.00 40.00 44.00 OK
r-patched-linux-x86_64 1.1.0 2.07 20.27 22.34 OK
r-release-linux-x86_64 1.1.0 1.98 20.76 22.74 OK
r-release-macos-arm64 1.1.0 OK
r-release-macos-x86_64 1.1.0 2.00 23.00 25.00 OK
r-release-windows-x86_64 1.1.0 5.00 47.00 52.00 OK
r-oldrel-macos-arm64 1.1.0 OK
r-oldrel-macos-x86_64 1.1.0 2.00 20.00 22.00 OK
r-oldrel-windows-x86_64 1.1.0 5.00 46.00 51.00 OK

Check Details

Version: 1.1.0
Check: CRAN incoming feasibility
Result: NOTE Maintainer: ‘Miron B. Kursa <M.Kursa@icm.edu.pl>’ No Authors@R field in DESCRIPTION. Please add one, modifying Authors@R: person(given = c("Miron", "B."), family = "Kursa", role = c("aut", "cre"), email = "m.kursa@icm.edu.pl") as necessary. Flavors: r-devel-linux-x86_64-debian-clang, r-devel-linux-x86_64-debian-gcc