Last updated on 2024-07-08 09:49:07 CEST.
Flavor | Version | Tinstall | Tcheck | Ttotal | Status | Flags |
---|---|---|---|---|---|---|
r-devel-linux-x86_64-debian-clang | 1.3.1 | 167.16 | 281.86 | 449.02 | NOTE | |
r-devel-linux-x86_64-debian-gcc | 1.3.1 | 109.00 | 199.64 | 308.64 | NOTE | |
r-devel-linux-x86_64-fedora-clang | 1.3.1 | 854.42 | NOTE | |||
r-devel-linux-x86_64-fedora-gcc | 1.3.1 | 691.34 | NOTE | |||
r-devel-windows-x86_64 | 1.3.1 | 203.00 | 248.00 | 451.00 | NOTE | |
r-patched-linux-x86_64 | 1.3.1 | 152.36 | 265.75 | 418.11 | OK | |
r-release-linux-x86_64 | 1.3.1 | 137.58 | 268.07 | 405.65 | OK | |
r-release-macos-arm64 | 1.3.1 | 347.00 | NOTE | |||
r-release-macos-x86_64 | 1.3.1 | 297.00 | NOTE | |||
r-release-windows-x86_64 | 1.3.1 | 203.00 | 246.00 | 449.00 | NOTE | |
r-oldrel-macos-arm64 | 1.3.1 | 350.00 | NOTE | |||
r-oldrel-macos-x86_64 | 1.3.1 | 384.00 | NOTE | |||
r-oldrel-windows-x86_64 | 1.3.1 | 236.00 | 305.00 | 541.00 | NOTE |
Version: 1.3.1
Check: compiled code
Result: NOTE
File ‘rgl/libs/rgl.so’:
Found non-API call to R: ‘R_InputHandlers’
Compiled code should not call non-API entry points in R.
See ‘Writing portable packages’ in the ‘Writing R Extensions’ manual,
and section ‘Moving into C API compliance’ for issues with the use of
non-API entry points.
Flavors: r-devel-linux-x86_64-debian-clang, r-devel-linux-x86_64-debian-gcc, r-devel-linux-x86_64-fedora-clang, r-devel-linux-x86_64-fedora-gcc
Version: 1.3.1
Check: installed package size
Result: NOTE
installed size is 8.3Mb
sub-directories of 1Mb or more:
doc 3.0Mb
fonts 1.5Mb
Flavors: r-devel-linux-x86_64-fedora-clang, r-devel-windows-x86_64, r-release-macos-arm64, r-release-macos-x86_64, r-release-windows-x86_64, r-oldrel-macos-arm64, r-oldrel-macos-x86_64, r-oldrel-windows-x86_64
Version: 1.3.1
Check: for detritus in the temp directory
Result: NOTE
Found the following files/directories:
‘Crashpad’
Flavors: r-devel-linux-x86_64-fedora-clang, r-devel-linux-x86_64-fedora-gcc