Last updated on 2025-11-25 09:50:21 CET.
| Flavor | Version | Tinstall | Tcheck | Ttotal | Status | Flags |
|---|---|---|---|---|---|---|
| r-devel-linux-x86_64-debian-clang | 0.5.1 | 4.33 | 88.67 | 93.00 | OK | |
| r-devel-linux-x86_64-debian-gcc | 0.5.1 | 0.29 | 2.71 | 3.00 | ERROR | |
| r-devel-linux-x86_64-fedora-clang | 0.5.1 | 2.73 | ERROR | |||
| r-devel-linux-x86_64-fedora-gcc | 0.5.1 | 2.66 | ERROR | |||
| r-devel-windows-x86_64 | 0.5.1 | 9.00 | 99.00 | 108.00 | OK | |
| r-patched-linux-x86_64 | 0.5.1 | 4.24 | 84.84 | 89.08 | OK | |
| r-release-linux-x86_64 | 0.5.1 | 4.02 | 83.05 | 87.07 | OK | |
| r-release-macos-arm64 | 0.5.1 | OK | ||||
| r-release-macos-x86_64 | 0.5.1 | 5.00 | 211.00 | 216.00 | OK | |
| r-release-windows-x86_64 | 0.5.1 | 6.00 | 99.00 | 105.00 | OK | |
| r-oldrel-macos-arm64 | 0.5.1 | OK | ||||
| r-oldrel-macos-x86_64 | 0.5.1 | 5.00 | 169.00 | 174.00 | OK | |
| r-oldrel-windows-x86_64 | 0.5.1 | 7.00 | 125.00 | 132.00 | OK |
Version: 0.5.1
Check: package dependencies
Result: ERROR
Package required but not available: ‘geojsonio’
See section ‘The DESCRIPTION file’ in the ‘Writing R Extensions’
manual.
Flavors: r-devel-linux-x86_64-debian-gcc, r-devel-linux-x86_64-fedora-clang, r-devel-linux-x86_64-fedora-gcc