CRAN Package Check Results for Package rmdformats

Last updated on 2025-10-22 09:50:49 CEST.

Flavor Version Tinstall Tcheck Ttotal Status Flags
r-devel-linux-x86_64-debian-clang 1.0.4 2.70 30.78 33.48 NOTE
r-devel-linux-x86_64-debian-gcc 1.0.4 2.20 25.27 27.47 NOTE
r-devel-linux-x86_64-fedora-clang 1.0.4 16.00 35.67 51.67 OK
r-devel-linux-x86_64-fedora-gcc 1.0.4 18.00 31.66 49.66 OK
r-devel-windows-x86_64 1.0.4 8.00 48.00 56.00 OK
r-patched-linux-x86_64 1.0.4 3.05 28.07 31.12 OK
r-release-linux-x86_64 1.0.4 3.02 28.48 31.50 OK
r-release-macos-arm64 1.0.4 2.00 18.00 20.00 OK
r-release-macos-x86_64 1.0.4 3.00 31.00 34.00 OK
r-release-windows-x86_64 1.0.4 6.00 56.00 62.00 OK
r-oldrel-macos-arm64 1.0.4 2.00 17.00 19.00 OK
r-oldrel-macos-x86_64 1.0.4 2.00 26.00 28.00 OK
r-oldrel-windows-x86_64 1.0.4 10.00 55.00 65.00 OK

Check Details

Version: 1.0.4
Check: HTML version of manual
Result: NOTE Found the following HTML validation problems: pilltabs_print.html:54:1 (pilltabs_print.Rd:15): Warning: missing </ul> before </div> Flavors: r-devel-linux-x86_64-debian-clang, r-devel-linux-x86_64-debian-gcc