Last updated on 2024-09-06 09:49:30 CEST.
Flavor | Version | Tinstall | Tcheck | Ttotal | Status | Flags |
---|---|---|---|---|---|---|
r-devel-linux-x86_64-debian-clang | 5.2.1-30 | 278.52 | 44.64 | 323.16 | NOTE | |
r-devel-linux-x86_64-debian-gcc | 5.2.1-30 | 158.68 | 33.90 | 192.58 | NOTE | |
r-devel-linux-x86_64-fedora-clang | 5.2.1-30 | 547.49 | NOTE | |||
r-devel-linux-x86_64-fedora-gcc | 5.2.1-30 | 526.66 | NOTE | |||
r-devel-windows-x86_64 | 5.2.1-30 | 292.00 | 111.00 | 403.00 | NOTE | |
r-patched-linux-x86_64 | 5.2.1-30 | 223.08 | 43.56 | 266.64 | NOTE | |
r-release-linux-x86_64 | 5.2.1-30 | 223.66 | 43.03 | 266.69 | NOTE | |
r-release-macos-arm64 | 5.2.1-30 | 205.00 | NOTE | |||
r-release-macos-x86_64 | 5.2.1-30 | 182.00 | NOTE | |||
r-release-windows-x86_64 | 5.2.1-30 | 296.00 | 98.00 | 394.00 | NOTE | |
r-oldrel-macos-arm64 | 5.2.1-30 | 209.00 | NOTE | |||
r-oldrel-macos-x86_64 | 5.2.1-30 | 180.00 | NOTE | |||
r-oldrel-windows-x86_64 | 5.2.1-30 | 285.00 | 117.00 | 402.00 | NOTE |
Version: 5.2.1-30
Check: for GNU extensions in Makefiles
Result: NOTE
GNU make is a SystemRequirements.
Flavors: r-devel-linux-x86_64-debian-clang, r-devel-linux-x86_64-debian-gcc, r-devel-linux-x86_64-fedora-clang, r-devel-linux-x86_64-fedora-gcc, r-devel-windows-x86_64, r-patched-linux-x86_64, r-release-linux-x86_64, r-release-macos-arm64, r-release-macos-x86_64, r-release-windows-x86_64, r-oldrel-macos-arm64, r-oldrel-macos-x86_64, r-oldrel-windows-x86_64
Version: 5.2.1-30
Check: installed package size
Result: NOTE
installed size is 12.2Mb
sub-directories of 1Mb or more:
libs 11.9Mb
Flavors: r-release-macos-arm64, r-release-macos-x86_64, r-oldrel-macos-arm64, r-oldrel-macos-x86_64