Last updated on 2025-11-23 09:51:01 CET.
| Flavor | Version | Tinstall | Tcheck | Ttotal | Status | Flags |
|---|---|---|---|---|---|---|
| r-devel-linux-x86_64-debian-clang | 5.2.1-35 | 295.41 | 48.01 | 343.42 | OK | |
| r-devel-linux-x86_64-debian-gcc | 5.2.1-35 | 153.37 | 36.34 | 189.71 | OK | |
| r-devel-linux-x86_64-fedora-clang | 5.2.1-35 | 546.00 | -12.10 | 533.90 | OK | |
| r-devel-linux-x86_64-fedora-gcc | 5.2.1-35 | 840.00 | -346.82 | 493.18 | OK | |
| r-devel-windows-x86_64 | 5.2.1-35 | 425.00 | 90.00 | 515.00 | OK | |
| r-patched-linux-x86_64 | 5.2.1-35 | 207.88 | 46.16 | 254.04 | OK | |
| r-release-linux-x86_64 | 5.2.1-35 | 208.71 | 45.88 | 254.59 | OK | |
| r-release-macos-arm64 | 5.2.1-35 | OK | ||||
| r-release-macos-x86_64 | 5.2.1-35 | 96.00 | 69.00 | 165.00 | OK | |
| r-release-windows-x86_64 | 5.2.1-35 | 349.00 | 93.00 | 442.00 | OK | |
| r-oldrel-macos-arm64 | 5.2.1-35 | NOTE | ||||
| r-oldrel-macos-x86_64 | 5.2.1-35 | 72.00 | 79.00 | 151.00 | NOTE | |
| r-oldrel-windows-x86_64 | 5.2.1-35 | 323.00 | 112.00 | 435.00 | NOTE |
Version: 5.2.1-35
Check: installed package size
Result: NOTE
installed size is 12.0Mb
sub-directories of 1Mb or more:
libs 11.7Mb
Flavors: r-oldrel-macos-arm64, r-oldrel-macos-x86_64
Version: 5.2.1-35
Check: for GNU extensions in Makefiles
Result: NOTE
GNU make is a SystemRequirements.
Flavors: r-oldrel-macos-arm64, r-oldrel-macos-x86_64, r-oldrel-windows-x86_64