Last updated on 2024-08-05 09:48:17 CEST.
Flavor | Version | Tinstall | Tcheck | Ttotal | Status | Flags |
---|---|---|---|---|---|---|
r-devel-linux-x86_64-debian-clang | 1.2-3 | 26.67 | 115.70 | 142.37 | OK | |
r-devel-linux-x86_64-debian-gcc | 1.2-3 | 14.17 | 62.36 | 76.53 | OK | |
r-devel-linux-x86_64-fedora-clang | 1.2-3 | 180.68 | OK | |||
r-devel-linux-x86_64-fedora-gcc | 1.2-3 | 184.65 | OK | |||
r-devel-windows-x86_64 | 1.2-3 | 24.00 | 119.00 | 143.00 | OK | |
r-patched-linux-x86_64 | 1.2-3 | 20.10 | 84.09 | 104.19 | OK | |
r-release-linux-x86_64 | 1.2-3 | 25.79 | 109.69 | 135.48 | OK | |
r-release-macos-arm64 | 1.2-3 | 56.00 | OK | |||
r-release-macos-x86_64 | 1.2-3 | 114.00 | OK | |||
r-release-windows-x86_64 | 1.2-3 | 24.00 | 111.00 | 135.00 | OK | |
r-oldrel-macos-arm64 | 1.2-3 | 55.00 | OK | |||
r-oldrel-macos-x86_64 | 1.2-3 | 91.00 | NOTE | |||
r-oldrel-windows-x86_64 | 1.2-3 | 29.00 | 135.00 | 164.00 | OK |
Version: 1.2-3
Check: package dependencies
Result: NOTE
Package suggested but not available for checking: ‘robustbase’
Flavor: r-oldrel-macos-x86_64