Last updated on 2025-05-28 09:53:12 CEST.
Flavor | Version | Tinstall | Tcheck | Ttotal | Status | Flags |
---|---|---|---|---|---|---|
r-devel-linux-x86_64-debian-clang | 1.6.5 | 78.04 | 93.61 | 171.65 | NOTE | |
r-devel-linux-x86_64-debian-gcc | 1.6.5 | 60.02 | 66.21 | 126.23 | NOTE | |
r-devel-linux-x86_64-fedora-clang | 1.6.5 | 312.31 | NOTE | |||
r-devel-linux-x86_64-fedora-gcc | 1.6.5 | 307.06 | NOTE | |||
r-devel-windows-x86_64 | 1.6.5 | 100.00 | 179.00 | 279.00 | NOTE | |
r-patched-linux-x86_64 | 1.6.5 | 83.14 | 89.53 | 172.67 | NOTE | |
r-release-linux-x86_64 | 1.6.5 | 82.16 | 88.55 | 170.71 | NOTE | |
r-release-macos-arm64 | 1.6.5 | 88.00 | NOTE | |||
r-release-macos-x86_64 | 1.6.5 | 123.00 | NOTE | |||
r-release-windows-x86_64 | 1.6.5 | 99.00 | 165.00 | 264.00 | NOTE | |
r-oldrel-macos-arm64 | 1.6.5 | 80.00 | NOTE | |||
r-oldrel-macos-x86_64 | 1.6.5 | 145.00 | NOTE | |||
r-oldrel-windows-x86_64 | 1.6.5 | 115.00 | 193.00 | 308.00 | NOTE |
Version: 1.6.5
Check: C++ specification
Result: NOTE
Specified C++11: please drop specification unless essential
Flavors: r-devel-linux-x86_64-debian-clang, r-devel-linux-x86_64-debian-gcc, r-devel-linux-x86_64-fedora-clang, r-devel-linux-x86_64-fedora-gcc, r-devel-windows-x86_64, r-patched-linux-x86_64, r-release-linux-x86_64, r-release-macos-arm64, r-release-macos-x86_64, r-release-windows-x86_64, r-oldrel-macos-arm64, r-oldrel-macos-x86_64, r-oldrel-windows-x86_64
Version: 1.6.5
Check: installed package size
Result: NOTE
installed size is 10.7Mb
sub-directories of 1Mb or more:
R 2.0Mb
data 2.7Mb
libs 5.4Mb
Flavors: r-oldrel-macos-arm64, r-oldrel-macos-x86_64, r-oldrel-windows-x86_64