CRAN Package Check Results for Package rpls

Last updated on 2025-10-03 09:49:53 CEST.

Flavor Version Tinstall Tcheck Ttotal Status Flags
r-devel-linux-x86_64-debian-clang 0.6.0 2.78 23.92 26.70 NOTE
r-devel-linux-x86_64-debian-gcc 0.6.0 2.11 18.82 20.93 NOTE
r-devel-linux-x86_64-fedora-clang 0.6.0 42.64 OK
r-devel-linux-x86_64-fedora-gcc 0.6.0 37.74 OK
r-devel-windows-x86_64 0.6.0 4.00 43.00 47.00 OK
r-patched-linux-x86_64 0.6.0 2.20 22.78 24.98 OK
r-release-linux-x86_64 0.6.0 2.52 22.75 25.27 OK
r-release-macos-arm64 0.6.0 18.00 OK
r-release-macos-x86_64 0.6.0 27.00 OK
r-release-windows-x86_64 0.6.0 4.00 43.00 47.00 OK
r-oldrel-macos-arm64 0.6.0 16.00 OK
r-oldrel-macos-x86_64 0.6.0 23.00 OK
r-oldrel-windows-x86_64 0.6.0 5.00 46.00 51.00 OK

Check Details

Version: 0.6.0
Check: CRAN incoming feasibility
Result: NOTE Maintainer: ‘Peter Filzmoser <peter.filzmoser@tuwien.ac.at>’ No Authors@R field in DESCRIPTION. Please add one, modifying Authors@R: c(person(given = "Peter", family = "Filzmoser", role = c("aut", "cre"), email = "peter.filzmoser@tuwien.ac.at"), person(given = "Sukru", family = "Acitas", role = "aut"), person(given = "Birdal", family = "Senoglu", role = "aut"), person(given = "Maximilian", family = "Plattner", role = "aut")) as necessary. Flavors: r-devel-linux-x86_64-debian-clang, r-devel-linux-x86_64-debian-gcc