Last updated on 2025-10-24 09:50:16 CEST.
| Flavor | Version | Tinstall | Tcheck | Ttotal | Status | Flags |
|---|---|---|---|---|---|---|
| r-devel-linux-x86_64-debian-clang | 0.2.1 | 1.68 | 21.21 | 22.89 | NOTE | |
| r-devel-linux-x86_64-debian-gcc | 0.2.1 | 1.32 | 17.57 | 18.89 | NOTE | |
| r-devel-linux-x86_64-fedora-clang | 0.2.1 | 32.42 | OK | |||
| r-devel-linux-x86_64-fedora-gcc | 0.2.1 | 30.02 | OK | |||
| r-devel-windows-x86_64 | 0.2.1 | 3.00 | 39.00 | 42.00 | OK | |
| r-patched-linux-x86_64 | 0.2.1 | 1.70 | 19.12 | 20.82 | OK | |
| r-release-linux-x86_64 | 0.2.1 | 1.60 | 19.03 | 20.63 | OK | |
| r-release-macos-arm64 | 0.2.1 | 1.00 | 12.00 | 13.00 | OK | |
| r-release-macos-x86_64 | 0.2.1 | 1.00 | 23.00 | 24.00 | OK | |
| r-release-windows-x86_64 | 0.2.1 | 3.00 | 42.00 | 45.00 | OK | |
| r-oldrel-macos-arm64 | 0.2.1 | 1.00 | 13.00 | 14.00 | OK | |
| r-oldrel-macos-x86_64 | 0.2.1 | 1.00 | 20.00 | 21.00 | OK | |
| r-oldrel-windows-x86_64 | 0.2.1 | 4.00 | 45.00 | 49.00 | OK |
Version: 0.2.1
Check: CRAN incoming feasibility
Result: NOTE
Maintainer: ‘Kun Ren <ken@renkun.me>’
No Authors@R field in DESCRIPTION.
Please add one, modifying
Authors@R: person(given = "Kun",
family = "Ren",
role = c("aut", "cre"),
email = "ken@renkun.me")
as necessary.
Flavors: r-devel-linux-x86_64-debian-clang, r-devel-linux-x86_64-debian-gcc