Last updated on 2024-08-05 09:48:17 CEST.
Flavor | Version | Tinstall | Tcheck | Ttotal | Status | Flags |
---|---|---|---|---|---|---|
r-devel-linux-x86_64-debian-clang | 1.0.0 | 8.52 | 111.90 | 120.42 | OK | |
r-devel-linux-x86_64-debian-gcc | 1.0.0 | 4.89 | 62.18 | 67.07 | OK | |
r-devel-linux-x86_64-fedora-clang | 1.0.0 | 150.28 | NOTE | |||
r-devel-linux-x86_64-fedora-gcc | 1.0.0 | 155.80 | NOTE | |||
r-devel-windows-x86_64 | 1.0.0 | 10.00 | 117.00 | 127.00 | OK | |
r-patched-linux-x86_64 | 1.0.0 | 6.07 | 81.17 | 87.24 | OK | |
r-release-linux-x86_64 | 1.0.0 | 7.31 | 104.75 | 112.06 | OK | |
r-release-macos-arm64 | 1.0.0 | 52.00 | OK | |||
r-release-macos-x86_64 | 1.0.0 | 71.00 | OK | |||
r-release-windows-x86_64 | 1.0.0 | 9.00 | 99.00 | 108.00 | OK | |
r-oldrel-macos-arm64 | 1.0.0 | 49.00 | OK | |||
r-oldrel-macos-x86_64 | 1.0.0 | 81.00 | OK | |||
r-oldrel-windows-x86_64 | 1.0.0 | 12.00 | 123.00 | 135.00 | OK |
Version: 1.0.0
Check: dependencies in R code
Result: NOTE
Namespace in Imports field not imported from: ‘Rcpp’
All declared Imports should be used.
Flavors: r-devel-linux-x86_64-fedora-clang, r-devel-linux-x86_64-fedora-gcc