Last updated on 2024-07-13 09:49:16 CEST.
Flavor | Version | Tinstall | Tcheck | Ttotal | Status | Flags |
---|---|---|---|---|---|---|
r-devel-linux-x86_64-debian-clang | 0.5.2 | 228.33 | 156.79 | 385.12 | OK | |
r-devel-linux-x86_64-debian-gcc | 0.5.2 | 150.22 | 120.71 | 270.93 | OK | |
r-devel-linux-x86_64-fedora-clang | 0.5.2 | 523.44 | NOTE | |||
r-devel-linux-x86_64-fedora-gcc | 0.5.2 | 552.15 | NOTE | |||
r-devel-windows-x86_64 | 0.5.2 | 189.00 | 150.00 | 339.00 | OK | |
r-patched-linux-x86_64 | 0.5.2 | 190.58 | 158.26 | 348.84 | OK | |
r-release-linux-x86_64 | 0.5.2 | 195.05 | 150.82 | 345.87 | OK | |
r-release-macos-arm64 | 0.5.2 | 122.00 | NOTE | |||
r-release-macos-x86_64 | 0.5.2 | 187.00 | NOTE | |||
r-release-windows-x86_64 | 0.5.2 | 188.00 | 151.00 | 339.00 | OK | |
r-oldrel-macos-arm64 | 0.5.2 | 161.00 | NOTE | |||
r-oldrel-macos-x86_64 | 0.5.2 | 191.00 | NOTE | |||
r-oldrel-windows-x86_64 | 0.5.2 | 227.00 | 182.00 | 409.00 | OK |
Version: 0.5.2
Check: whether startup messages can be suppressed
Result: NOTE
OMP: Warning #96: Cannot form a team with 24 threads, using 2 instead.
OMP: Hint Consider unsetting KMP_DEVICE_THREAD_LIMIT (KMP_ALL_THREADS), KMP_TEAMS_THREAD_LIMIT, and OMP_THREAD_LIMIT (if any are set).
It looks like this package (or a package it requires) has a startup
message which cannot be suppressed: see ?packageStartupMessage.
Flavor: r-devel-linux-x86_64-fedora-clang
Version: 0.5.2
Check: dependencies in R code
Result: NOTE
Namespace in Imports field not imported from: ‘MatrixExtra’
All declared Imports should be used.
Flavors: r-devel-linux-x86_64-fedora-clang, r-devel-linux-x86_64-fedora-gcc
Version: 0.5.2
Check: installed package size
Result: NOTE
installed size is 9.6Mb
sub-directories of 1Mb or more:
libs 8.9Mb
Flavors: r-release-macos-arm64, r-release-macos-x86_64, r-oldrel-macos-arm64, r-oldrel-macos-x86_64