Last updated on 2024-08-05 09:48:17 CEST.
Flavor | Version | Tinstall | Tcheck | Ttotal | Status | Flags |
---|---|---|---|---|---|---|
r-devel-linux-x86_64-debian-clang | 0.0.3 | 679.15 | 244.28 | 923.43 | NOTE | |
r-devel-linux-x86_64-debian-gcc | 0.0.3 | 454.89 | 164.05 | 618.94 | NOTE | |
r-devel-linux-x86_64-fedora-clang | 0.0.3 | 1106.33 | NOTE | |||
r-devel-linux-x86_64-fedora-gcc | 0.0.3 | 1606.83 | NOTE | |||
r-devel-windows-x86_64 | 0.0.3 | 519.00 | 232.00 | 751.00 | NOTE | |
r-patched-linux-x86_64 | 0.0.3 | 548.94 | 221.42 | 770.36 | NOTE | |
r-release-linux-x86_64 | 0.0.3 | 0.01 | 2.35 | 2.36 | ERROR | |
r-release-macos-arm64 | 0.0.3 | 273.00 | NOTE | |||
r-release-macos-x86_64 | 0.0.3 | 534.00 | NOTE | |||
r-release-windows-x86_64 | 0.0.3 | 525.00 | 230.00 | 755.00 | NOTE | |
r-oldrel-macos-arm64 | 0.0.3 | 305.00 | NOTE | |||
r-oldrel-macos-x86_64 | 0.0.3 | 339.00 | NOTE | |||
r-oldrel-windows-x86_64 | 0.0.3 | 694.00 | 287.00 | 981.00 | NOTE |
Version: 0.0.3
Check: for GNU extensions in Makefiles
Result: NOTE
GNU make is a SystemRequirements.
Flavors: r-devel-linux-x86_64-debian-clang, r-devel-linux-x86_64-debian-gcc, r-devel-linux-x86_64-fedora-clang, r-devel-linux-x86_64-fedora-gcc, r-devel-windows-x86_64, r-patched-linux-x86_64, r-release-macos-arm64, r-release-macos-x86_64, r-release-windows-x86_64, r-oldrel-macos-arm64, r-oldrel-macos-x86_64, r-oldrel-windows-x86_64
Version: 0.0.3
Check: installed package size
Result: NOTE
installed size is 6.1Mb
sub-directories of 1Mb or more:
libs 5.7Mb
Flavors: r-devel-linux-x86_64-fedora-clang, r-devel-windows-x86_64, r-release-macos-arm64, r-release-macos-x86_64, r-release-windows-x86_64, r-oldrel-macos-arm64, r-oldrel-macos-x86_64, r-oldrel-windows-x86_64
Version: 0.0.3
Check: whether package can be installed
Result: ERROR
Installation failed.
Flavor: r-release-linux-x86_64