Last updated on 2024-06-29 09:49:07 CEST.
Flavor | Version | Tinstall | Tcheck | Ttotal | Status | Flags |
---|---|---|---|---|---|---|
r-devel-linux-x86_64-debian-clang | 5.0.0 | 10.28 | 213.76 | 224.04 | OK | |
r-devel-linux-x86_64-debian-gcc | 5.0.0 | 8.11 | 157.10 | 165.21 | OK | |
r-devel-linux-x86_64-fedora-clang | 5.0.0 | 278.93 | NOTE | |||
r-devel-linux-x86_64-fedora-gcc | 5.0.0 | 296.87 | NOTE | |||
r-devel-windows-x86_64 | 5.0.0 | 11.00 | 195.00 | 206.00 | OK | |
r-patched-linux-x86_64 | 5.0.0 | 8.82 | 195.54 | 204.36 | OK | |
r-release-linux-x86_64 | 5.0.0 | 9.37 | 196.71 | 206.08 | OK | |
r-release-macos-arm64 | 5.0.0 | 87.00 | OK | |||
r-release-macos-x86_64 | 5.0.0 | 132.00 | OK | |||
r-release-windows-x86_64 | 5.0.0 | 10.00 | 196.00 | 206.00 | OK | |
r-oldrel-macos-arm64 | 5.0.0 | 99.00 | OK | |||
r-oldrel-macos-x86_64 | 5.0.0 | 153.00 | OK | |||
r-oldrel-windows-x86_64 | 5.0.0 | 12.00 | 222.00 | 234.00 | OK |
Version: 5.0.0
Check: dependencies in R code
Result: NOTE
Namespaces in Imports field not imported from:
‘DescTools’ ‘MASS’ ‘gridExtra’
All declared Imports should be used.
Flavors: r-devel-linux-x86_64-fedora-clang, r-devel-linux-x86_64-fedora-gcc