Last updated on 2025-05-13 09:53:39 CEST.
Flavor | Version | Tinstall | Tcheck | Ttotal | Status | Flags |
---|---|---|---|---|---|---|
r-devel-linux-x86_64-debian-clang | 4.0.0 | 152.25 | 385.04 | 537.29 | OK | |
r-devel-linux-x86_64-debian-gcc | 4.0.0 | 115.91 | 266.52 | 382.43 | OK | |
r-devel-linux-x86_64-fedora-clang | 4.0.0 | 883.58 | OK | |||
r-devel-linux-x86_64-fedora-gcc | 4.0.0 | 1034.05 | OK | |||
r-devel-windows-x86_64 | 4.0.0 | 152.00 | 338.00 | 490.00 | OK | |
r-patched-linux-x86_64 | 4.0.0 | 158.03 | 375.71 | 533.74 | OK | |
r-release-linux-x86_64 | 4.0.0 | 157.71 | 372.98 | 530.69 | OK | |
r-release-macos-arm64 | 4.0.0 | 219.00 | OK | |||
r-release-macos-x86_64 | 4.0.0 | 412.00 | OK | |||
r-release-windows-x86_64 | 4.0.0 | 156.00 | 334.00 | 490.00 | OK | |
r-oldrel-macos-arm64 | 4.0.0 | 213.00 | NOTE | |||
r-oldrel-macos-x86_64 | 4.0.0 | 335.00 | NOTE | |||
r-oldrel-windows-x86_64 | 4.0.0 | 191.00 | 463.00 | 654.00 | OK |
Version: 4.0.0
Check: installed package size
Result: NOTE
installed size is 16.6Mb
sub-directories of 1Mb or more:
libs 15.5Mb
Flavors: r-oldrel-macos-arm64, r-oldrel-macos-x86_64