Last updated on 2024-09-08 09:48:30 CEST.
Flavor | Version | Tinstall | Tcheck | Ttotal | Status | Flags |
---|---|---|---|---|---|---|
r-devel-linux-x86_64-debian-clang | 1.0.4 | 21.25 | 99.60 | 120.85 | NOTE | |
r-devel-linux-x86_64-debian-gcc | 1.0.4 | 16.36 | 68.17 | 84.53 | NOTE | |
r-devel-linux-x86_64-fedora-clang | 1.0.4 | 201.48 | NOTE | |||
r-devel-linux-x86_64-fedora-gcc | 1.0.4 | 192.70 | NOTE | |||
r-devel-windows-x86_64 | 1.0.4 | 26.00 | 169.00 | 195.00 | NOTE | |
r-patched-linux-x86_64 | 1.0.4 | 22.16 | 94.91 | 117.07 | NOTE | |
r-release-linux-x86_64 | 1.0.4 | 23.32 | 95.74 | 119.06 | NOTE | |
r-release-macos-arm64 | 1.0.4 | 62.00 | NOTE | |||
r-release-macos-x86_64 | 1.0.4 | 103.00 | NOTE | |||
r-release-windows-x86_64 | 1.0.4 | 26.00 | 147.00 | 173.00 | NOTE | |
r-oldrel-macos-arm64 | 1.0.4 | 82.00 | NOTE | |||
r-oldrel-macos-x86_64 | 1.0.4 | 132.00 | NOTE | |||
r-oldrel-windows-x86_64 | 1.0.4 | 24.00 | 176.00 | 200.00 | NOTE |
Version: 1.0.4
Check: C++ specification
Result: NOTE
Specified C++11: please drop specification unless essential
Flavors: r-devel-linux-x86_64-debian-clang, r-devel-linux-x86_64-debian-gcc, r-devel-linux-x86_64-fedora-clang, r-devel-linux-x86_64-fedora-gcc, r-devel-windows-x86_64, r-patched-linux-x86_64, r-release-linux-x86_64, r-release-macos-arm64, r-release-macos-x86_64, r-release-windows-x86_64, r-oldrel-macos-arm64, r-oldrel-macos-x86_64, r-oldrel-windows-x86_64