Last updated on 2025-10-24 09:50:17 CEST.
| Flavor | Version | Tinstall | Tcheck | Ttotal | Status | Flags |
|---|---|---|---|---|---|---|
| r-devel-linux-x86_64-debian-clang | 0.6.0 | 22.40 | 123.93 | 146.33 | NOTE | |
| r-devel-linux-x86_64-debian-gcc | 0.6.0 | 15.96 | 86.01 | 101.97 | OK | |
| r-devel-linux-x86_64-fedora-clang | 0.6.0 | 50.00 | 171.93 | 221.93 | OK | |
| r-devel-linux-x86_64-fedora-gcc | 0.6.0 | 56.00 | 155.73 | 211.73 | OK | |
| r-devel-windows-x86_64 | 0.6.0 | 23.00 | 128.00 | 151.00 | OK | |
| r-patched-linux-x86_64 | 0.6.0 | 22.50 | 114.10 | 136.60 | OK | |
| r-release-linux-x86_64 | 0.6.0 | 21.18 | 113.18 | 134.36 | OK | |
| r-release-macos-arm64 | 0.6.0 | 6.00 | 44.00 | 50.00 | OK | |
| r-release-macos-x86_64 | 0.6.0 | 12.00 | 70.00 | 82.00 | OK | |
| r-release-windows-x86_64 | 0.6.0 | 24.00 | 122.00 | 146.00 | OK | |
| r-oldrel-macos-arm64 | 0.6.0 | 6.00 | 49.00 | 55.00 | OK | |
| r-oldrel-macos-x86_64 | 0.6.0 | 6.00 | 54.00 | 60.00 | OK | |
| r-oldrel-windows-x86_64 | 0.6.0 | 32.00 | 158.00 | 190.00 | OK |
Version: 0.6.0
Check: HTML version of manual
Result: NOTE
Found the following HTML validation problems:
dot-inherit_scplot.html:148:1 (dot-inherit_scplot.Rd:74): Warning: missing </ul> before </div>
Flavor: r-devel-linux-x86_64-debian-clang