Last updated on 2024-09-06 09:49:31 CEST.
Flavor | Version | Tinstall | Tcheck | Ttotal | Status | Flags |
---|---|---|---|---|---|---|
r-devel-linux-x86_64-debian-clang | 0.4.1 | 36.16 | 100.54 | 136.70 | OK | |
r-devel-linux-x86_64-debian-gcc | 0.4.1 | 26.39 | 71.09 | 97.48 | OK | |
r-devel-linux-x86_64-fedora-clang | 0.4.1 | 226.92 | OK | |||
r-devel-linux-x86_64-fedora-gcc | 0.4.1 | 224.79 | OK | |||
r-devel-windows-x86_64 | 0.4.1 | 39.00 | 129.00 | 168.00 | OK | |
r-patched-linux-x86_64 | 0.4.1 | 35.94 | 94.97 | 130.91 | OK | |
r-release-linux-x86_64 | 0.4.1 | 36.36 | 93.97 | 130.33 | OK | |
r-release-macos-arm64 | 0.4.1 | 56.00 | NOTE | |||
r-release-macos-x86_64 | 0.4.1 | 88.00 | OK | |||
r-release-windows-x86_64 | 0.4.1 | 41.00 | 135.00 | 176.00 | OK | |
r-oldrel-macos-arm64 | 0.4.1 | 62.00 | NOTE | |||
r-oldrel-macos-x86_64 | 0.4.1 | 128.00 | NOTE | |||
r-oldrel-windows-x86_64 | 0.4.1 | 49.00 | 165.00 | 214.00 | OK |
Version: 0.4.1
Check: package dependencies
Result: NOTE
Package which this enhances but not available for checking: ‘glmGamPoi’
Flavors: r-release-macos-arm64, r-oldrel-macos-arm64, r-oldrel-macos-x86_64