Last updated on 2024-07-08 09:49:08 CEST.
Flavor | Version | Tinstall | Tcheck | Ttotal | Status | Flags |
---|---|---|---|---|---|---|
r-devel-linux-x86_64-debian-clang | 5.7.8 | 118.12 | 142.92 | 261.04 | OK | |
r-devel-linux-x86_64-debian-gcc | 5.7.8 | 82.28 | 105.52 | 187.80 | OK | |
r-devel-linux-x86_64-fedora-clang | 5.7.8 | 366.27 | OK | |||
r-devel-linux-x86_64-fedora-gcc | 5.7.8 | 359.52 | OK | |||
r-devel-windows-x86_64 | 5.7.8 | 101.00 | 151.00 | 252.00 | OK | |
r-patched-linux-x86_64 | 5.7.8 | 91.79 | 140.76 | 232.55 | OK | |
r-release-linux-x86_64 | 5.7.8 | 77.13 | 137.02 | 214.15 | OK | |
r-release-macos-arm64 | 5.7.8 | 85.00 | NOTE | |||
r-release-macos-x86_64 | 5.7.8 | 112.00 | NOTE | |||
r-release-windows-x86_64 | 5.7.8 | 96.00 | 154.00 | 250.00 | OK | |
r-oldrel-macos-arm64 | 5.7.8 | 95.00 | NOTE | |||
r-oldrel-macos-x86_64 | 5.7.8 | 293.00 | NOTE | |||
r-oldrel-windows-x86_64 | 5.7.8 | 116.00 | 187.00 | 303.00 | OK |
Version: 5.7.8
Check: installed package size
Result: NOTE
installed size is 6.8Mb
sub-directories of 1Mb or more:
libs 3.9Mb
Flavors: r-release-macos-arm64, r-release-macos-x86_64, r-oldrel-macos-arm64, r-oldrel-macos-x86_64