Last updated on 2024-08-04 09:52:41 CEST.
Flavor | Version | Tinstall | Tcheck | Ttotal | Status | Flags |
---|---|---|---|---|---|---|
r-devel-linux-x86_64-debian-clang | 0.8.5 | 12.52 | 237.58 | 250.10 | OK | |
r-devel-linux-x86_64-debian-gcc | 0.8.5 | 8.10 | 115.76 | 123.86 | OK | |
r-devel-linux-x86_64-fedora-clang | 0.8.5 | 299.85 | OK | |||
r-devel-linux-x86_64-fedora-gcc | 0.8.5 | 267.68 | OK | |||
r-devel-windows-x86_64 | 0.8.5 | 14.00 | 180.00 | 194.00 | OK | |
r-patched-linux-x86_64 | 0.8.5 | 15.88 | 222.61 | 238.49 | OK | |
r-release-linux-x86_64 | 0.8.5 | 13.13 | 223.55 | 236.68 | OK | |
r-release-macos-arm64 | 0.8.5 | 69.00 | OK | |||
r-release-macos-x86_64 | 0.8.5 | 212.00 | OK | |||
r-release-windows-x86_64 | 0.8.5 | 16.00 | 178.00 | 194.00 | OK | |
r-oldrel-macos-arm64 | 0.8.5 | 10.00 | ERROR | |||
r-oldrel-macos-x86_64 | 0.8.5 | 12.00 | ERROR | |||
r-oldrel-windows-x86_64 | 0.8.5 | 18.00 | 186.00 | 204.00 | OK |
Version: 0.8.5
Check: package dependencies
Result: ERROR
Packages required and available but unsuitable versions:
'correlation', 'datawizard', 'effectsize', 'modelbased'
See section ‘The DESCRIPTION file’ in the ‘Writing R Extensions’
manual.
Flavors: r-oldrel-macos-arm64, r-oldrel-macos-x86_64