Last updated on 2024-08-04 09:52:41 CEST.
Flavor | Version | Tinstall | Tcheck | Ttotal | Status | Flags |
---|---|---|---|---|---|---|
r-devel-linux-x86_64-debian-clang | 1.30.0 | 114.82 | 255.61 | 370.43 | OK | |
r-devel-linux-x86_64-debian-gcc | 1.30.0 | 56.19 | 127.05 | 183.24 | OK | |
r-devel-linux-x86_64-fedora-clang | 1.30.0 | 487.21 | OK | |||
r-devel-linux-x86_64-fedora-gcc | 1.30.0 | 480.87 | OK | |||
r-devel-windows-x86_64 | 1.30.0 | 101.00 | 218.00 | 319.00 | OK | |
r-patched-linux-x86_64 | 1.30.0 | 96.79 | 236.60 | 333.39 | OK | |
r-release-linux-x86_64 | 1.30.0 | 68.81 | 205.60 | 274.41 | OK | |
r-release-macos-arm64 | 1.30.0 | 110.00 | NOTE | |||
r-release-macos-x86_64 | 1.30.0 | 159.00 | NOTE | |||
r-release-windows-x86_64 | 1.30.0 | 96.00 | 218.00 | 314.00 | OK | |
r-oldrel-macos-arm64 | 1.30.0 | 118.00 | NOTE | |||
r-oldrel-macos-x86_64 | 1.30.0 | 194.00 | NOTE | |||
r-oldrel-windows-x86_64 | 1.30.0 | 115.00 | 285.00 | 400.00 | OK |
Version: 1.30.0
Check: installed package size
Result: NOTE
installed size is 5.3Mb
sub-directories of 1Mb or more:
R 2.2Mb
libs 2.4Mb
Flavors: r-release-macos-arm64, r-release-macos-x86_64, r-oldrel-macos-arm64, r-oldrel-macos-x86_64