Last updated on 2025-11-22 09:50:06 CET.
| Flavor | Version | Tinstall | Tcheck | Ttotal | Status | Flags |
|---|---|---|---|---|---|---|
| r-devel-linux-x86_64-debian-clang | 0.2.1 | 3.01 | 26.98 | 29.99 | NOTE | |
| r-devel-linux-x86_64-debian-gcc | 0.2.1 | 2.17 | 21.48 | 23.65 | NOTE | |
| r-devel-linux-x86_64-fedora-clang | 0.2.1 | 46.16 | OK | |||
| r-devel-linux-x86_64-fedora-gcc | 0.2.1 | 42.90 | OK | |||
| r-devel-windows-x86_64 | 0.2.1 | 6.00 | 44.00 | 50.00 | OK | |
| r-patched-linux-x86_64 | 0.2.1 | 3.00 | 25.33 | 28.33 | OK | |
| r-release-linux-x86_64 | 0.2.1 | 2.92 | 25.10 | 28.02 | OK | |
| r-release-macos-arm64 | 0.2.1 | OK | ||||
| r-release-macos-x86_64 | 0.2.1 | 2.00 | 31.00 | 33.00 | OK | |
| r-release-windows-x86_64 | 0.2.1 | 5.00 | 44.00 | 49.00 | OK | |
| r-oldrel-macos-arm64 | 0.2.1 | OK | ||||
| r-oldrel-macos-x86_64 | 0.2.1 | 3.00 | 22.00 | 25.00 | OK | |
| r-oldrel-windows-x86_64 | 0.2.1 | 4.00 | 50.00 | 54.00 | OK |
Version: 0.2.1
Check: CRAN incoming feasibility
Result: NOTE
Maintainer: ‘Rakshitha Godahewa <rakshithagw@gmail.com>’
The Description field contains
in Godahewa et al. (2022) <arXiv:2211.08661v1>. The model uses the
Please refer to arXiv e-prints via their arXiv DOI <doi:10.48550/arXiv.YYMM.NNNNN>.
Flavors: r-devel-linux-x86_64-debian-clang, r-devel-linux-x86_64-debian-gcc