Last updated on 2024-08-05 09:48:18 CEST.
Flavor | Version | Tinstall | Tcheck | Ttotal | Status | Flags |
---|---|---|---|---|---|---|
r-devel-linux-x86_64-debian-clang | 0.2.1 | 33.06 | 119.52 | 152.58 | NOTE | |
r-devel-linux-x86_64-debian-gcc | 0.2.1 | 16.21 | 66.98 | 83.19 | NOTE | |
r-devel-linux-x86_64-fedora-clang | 0.2.1 | 199.15 | NOTE | |||
r-devel-linux-x86_64-fedora-gcc | 0.2.1 | 199.86 | NOTE | |||
r-devel-windows-x86_64 | 0.2.1 | 33.00 | 125.00 | 158.00 | NOTE | |
r-patched-linux-x86_64 | 0.2.1 | 23.11 | 88.16 | 111.27 | NOTE | |
r-release-linux-x86_64 | 0.2.1 | 19.15 | 117.67 | 136.82 | NOTE | |
r-release-macos-arm64 | 0.2.1 | 57.00 | NOTE | |||
r-release-macos-x86_64 | 0.2.1 | 90.00 | NOTE | |||
r-release-windows-x86_64 | 0.2.1 | 31.00 | 124.00 | 155.00 | NOTE | |
r-oldrel-macos-arm64 | 0.2.1 | 63.00 | NOTE | |||
r-oldrel-macos-x86_64 | 0.2.1 | 101.00 | NOTE | |||
r-oldrel-windows-x86_64 | 0.2.1 | 35.00 | 155.00 | 190.00 | NOTE |
Version: 0.2.1
Check: C++ specification
Result: NOTE
Specified C++11: please drop specification unless essential
Flavors: r-devel-linux-x86_64-debian-clang, r-devel-linux-x86_64-debian-gcc, r-devel-linux-x86_64-fedora-clang, r-devel-linux-x86_64-fedora-gcc, r-devel-windows-x86_64, r-patched-linux-x86_64, r-release-linux-x86_64, r-release-macos-arm64, r-release-macos-x86_64, r-release-windows-x86_64, r-oldrel-macos-arm64, r-oldrel-macos-x86_64, r-oldrel-windows-x86_64
Version: 0.2.1
Check: package dependencies
Result: NOTE
Package suggested but not available for checking: ‘ggraph’
Flavor: r-oldrel-macos-x86_64