Last updated on 2024-08-15 09:48:40 CEST.
Flavor | Version | Tinstall | Tcheck | Ttotal | Status | Flags |
---|---|---|---|---|---|---|
r-devel-linux-x86_64-debian-clang | 0.2.1 | 37.81 | 34.11 | 71.92 | NOTE | |
r-devel-linux-x86_64-debian-gcc | 0.2.1 | 26.56 | 24.99 | 51.55 | NOTE | |
r-devel-linux-x86_64-fedora-clang | 0.2.1 | 134.06 | NOTE | |||
r-devel-linux-x86_64-fedora-gcc | 0.2.1 | 134.38 | NOTE | |||
r-devel-windows-x86_64 | 0.2.1 | 47.00 | 74.00 | 121.00 | NOTE | |
r-patched-linux-x86_64 | 0.2.1 | 40.70 | 32.57 | 73.27 | OK | |
r-release-linux-x86_64 | 0.2.1 | 39.60 | 32.84 | 72.44 | OK | |
r-release-macos-arm64 | 0.2.1 | 37.00 | OK | |||
r-release-macos-x86_64 | 0.2.1 | 69.00 | OK | |||
r-release-windows-x86_64 | 0.2.1 | 46.00 | 74.00 | 120.00 | OK | |
r-oldrel-macos-arm64 | 0.2.1 | 39.00 | OK | |||
r-oldrel-macos-x86_64 | 0.2.1 | 52.00 | OK | |||
r-oldrel-windows-x86_64 | 0.2.1 | 56.00 | 86.00 | 142.00 | OK |
Version: 0.2.1
Check: compiled code
Result: NOTE
File ‘shide/libs/shide.so’:
Found non-API calls to R: ‘SETLENGTH’, ‘SET_GROWABLE_BIT’,
‘SET_TRUELENGTH’
Compiled code should not call non-API entry points in R.
See ‘Writing portable packages’ in the ‘Writing R Extensions’ manual,
and section ‘Moving into C API compliance’ for issues with the use of
non-API entry points.
Flavors: r-devel-linux-x86_64-debian-clang, r-devel-linux-x86_64-debian-gcc, r-devel-linux-x86_64-fedora-clang, r-devel-linux-x86_64-fedora-gcc
Version: 0.2.1
Check: compiled code
Result: NOTE
File 'shide/libs/x64/shide.dll':
Found non-API calls to R: 'SETLENGTH', 'SET_GROWABLE_BIT',
'SET_TRUELENGTH'
Compiled code should not call non-API entry points in R.
See 'Writing portable packages' in the 'Writing R Extensions' manual,
and section 'Moving into C API compliance' for issues with the use of
non-API entry points.
Flavor: r-devel-windows-x86_64