Last updated on 2025-10-22 09:50:52 CEST.
Flavor | Version | Tinstall | Tcheck | Ttotal | Status | Flags |
---|---|---|---|---|---|---|
r-devel-linux-x86_64-debian-clang | 0.4.0 | 3.32 | 40.51 | 43.83 | NOTE | |
r-devel-linux-x86_64-debian-gcc | 0.4.0 | 2.79 | 31.43 | 34.22 | NOTE | |
r-devel-linux-x86_64-fedora-clang | 0.4.0 | 67.29 | OK | |||
r-devel-linux-x86_64-fedora-gcc | 0.4.0 | 81.13 | OK | |||
r-devel-windows-x86_64 | 0.4.0 | 6.00 | 57.00 | 63.00 | OK | |
r-patched-linux-x86_64 | 0.4.0 | 3.03 | 37.65 | 40.68 | OK | |
r-release-linux-x86_64 | 0.4.0 | 3.62 | 37.54 | 41.16 | OK | |
r-release-macos-arm64 | 0.4.0 | 2.00 | 41.00 | 43.00 | OK | |
r-release-macos-x86_64 | 0.4.0 | 4.00 | 55.00 | 59.00 | OK | |
r-release-windows-x86_64 | 0.4.0 | 6.00 | 58.00 | 64.00 | OK | |
r-oldrel-macos-arm64 | 0.4.0 | 2.00 | 29.00 | 31.00 | OK | |
r-oldrel-macos-x86_64 | 0.4.0 | 3.00 | 41.00 | 44.00 | OK | |
r-oldrel-windows-x86_64 | 0.4.0 | 7.00 | 67.00 | 74.00 | OK |
Version: 0.4.0
Check: HTML version of manual
Result: NOTE
Found the following HTML validation problems:
hideFeedback.html:50:1 (hideFeedback.Rd:12): Warning: missing </ul> before </div>
loadingButton.html:84:1 (loadingButton.Rd:34): Warning: missing </ul> before </div>
resetLoadingButton.html:50:1 (resetLoadingButton.Rd:12): Warning: missing </ul> before </div>
valueBoxModuleUI.html:84:1 (valueBoxModuleUI.Rd:34): Warning: missing </ul> before </div>
Flavors: r-devel-linux-x86_64-debian-clang, r-devel-linux-x86_64-debian-gcc