Last updated on 2024-09-06 09:49:32 CEST.
Flavor | Version | Tinstall | Tcheck | Ttotal | Status | Flags |
---|---|---|---|---|---|---|
r-devel-linux-x86_64-debian-clang | 0.1.2 | 7.25 | 54.44 | 61.69 | NOTE | |
r-devel-linux-x86_64-debian-gcc | 0.1.2 | 4.93 | 39.72 | 44.65 | NOTE | |
r-devel-linux-x86_64-fedora-clang | 0.1.2 | 105.66 | NOTE | |||
r-devel-linux-x86_64-fedora-gcc | 0.1.2 | 105.14 | NOTE | |||
r-devel-windows-x86_64 | 0.1.2 | 11.00 | 77.00 | 88.00 | NOTE | |
r-patched-linux-x86_64 | 0.1.2 | 7.02 | 51.96 | 58.98 | NOTE | |
r-release-linux-x86_64 | 0.1.2 | 7.78 | 51.08 | 58.86 | NOTE | |
r-release-macos-arm64 | 0.1.2 | 37.00 | NOTE | |||
r-release-macos-x86_64 | 0.1.2 | 55.00 | NOTE | |||
r-release-windows-x86_64 | 0.1.2 | 10.00 | 76.00 | 86.00 | NOTE | |
r-oldrel-macos-arm64 | 0.1.2 | 49.00 | NOTE | |||
r-oldrel-macos-x86_64 | 0.1.2 | 54.00 | NOTE | |||
r-oldrel-windows-x86_64 | 0.1.2 | 12.00 | 84.00 | 96.00 | NOTE |
Version: 0.1.2
Check: LazyData
Result: NOTE
'LazyData' is specified without a 'data' directory
Flavors: r-devel-linux-x86_64-debian-clang, r-devel-linux-x86_64-debian-gcc, r-devel-linux-x86_64-fedora-clang, r-devel-linux-x86_64-fedora-gcc, r-devel-windows-x86_64, r-patched-linux-x86_64, r-release-linux-x86_64, r-release-macos-arm64, r-release-macos-x86_64, r-release-windows-x86_64, r-oldrel-macos-arm64, r-oldrel-macos-x86_64, r-oldrel-windows-x86_64