Last updated on 2024-08-05 09:48:18 CEST.
Flavor | Version | Tinstall | Tcheck | Ttotal | Status | Flags |
---|---|---|---|---|---|---|
r-devel-linux-x86_64-debian-clang | 0.1.1 | 2.31 | 22.91 | 25.22 | OK | |
r-devel-linux-x86_64-debian-gcc | 0.1.1 | 1.46 | 14.19 | 15.65 | OK | |
r-devel-linux-x86_64-fedora-clang | 0.1.1 | 32.18 | NOTE | |||
r-devel-linux-x86_64-fedora-gcc | 0.1.1 | 30.39 | NOTE | |||
r-devel-windows-x86_64 | 0.1.1 | 5.00 | 40.00 | 45.00 | OK | |
r-patched-linux-x86_64 | 0.1.1 | 2.29 | 17.24 | 19.53 | OK | |
r-release-linux-x86_64 | 0.1.1 | 2.50 | 22.41 | 24.91 | OK | |
r-release-macos-arm64 | 0.1.1 | 14.00 | OK | |||
r-release-macos-x86_64 | 0.1.1 | 22.00 | OK | |||
r-release-windows-x86_64 | 0.1.1 | 4.00 | 39.00 | 43.00 | OK | |
r-oldrel-macos-arm64 | 0.1.1 | 16.00 | OK | |||
r-oldrel-macos-x86_64 | 0.1.1 | 20.00 | OK | |||
r-oldrel-windows-x86_64 | 0.1.1 | 5.00 | 40.00 | 45.00 | OK |
Version: 0.1.1
Check: dependencies in R code
Result: NOTE
Namespace in Imports field not imported from: ‘reactable’
All declared Imports should be used.
Flavors: r-devel-linux-x86_64-fedora-clang, r-devel-linux-x86_64-fedora-gcc