Last updated on 2024-08-05 09:48:18 CEST.
Flavor | Version | Tinstall | Tcheck | Ttotal | Status | Flags |
---|---|---|---|---|---|---|
r-devel-linux-x86_64-debian-clang | 1.17.1 | 10.15 | 119.54 | 129.69 | NOTE | |
r-devel-linux-x86_64-debian-gcc | 1.17.1 | 5.37 | 56.46 | 61.83 | NOTE | |
r-devel-linux-x86_64-fedora-clang | 1.17.1 | 156.06 | NOTE | |||
r-devel-linux-x86_64-fedora-gcc | 1.17.1 | 148.02 | NOTE | |||
r-devel-windows-x86_64 | 1.17.1 | 9.00 | 134.00 | 143.00 | NOTE | |
r-patched-linux-x86_64 | 1.17.1 | 10.59 | 83.91 | 94.50 | NOTE | |
r-release-linux-x86_64 | 1.17.1 | 7.73 | 108.15 | 115.88 | NOTE | |
r-release-macos-arm64 | 1.17.1 | 45.00 | NOTE | |||
r-release-macos-x86_64 | 1.17.1 | 88.00 | NOTE | |||
r-release-windows-x86_64 | 1.17.1 | 9.00 | 131.00 | 140.00 | NOTE | |
r-oldrel-macos-arm64 | 1.17.1 | 49.00 | OK | |||
r-oldrel-macos-x86_64 | 1.17.1 | 84.00 | OK | |||
r-oldrel-windows-x86_64 | 1.17.1 | 8.00 | 157.00 | 165.00 | OK |
Version: 1.17.1
Check: Rd files
Result: NOTE
checkRd: (-1) MrBayes.Rd:24: Lost braces
24 | \item{contype}{A character string; the type of consensus tree calculated from the posterior distribution of trees}{either "halfcompat" (majority-rule consensus tree) or "allcombat" (strict consensus tree)}
| ^
Flavors: r-devel-linux-x86_64-debian-clang, r-devel-linux-x86_64-debian-gcc, r-devel-linux-x86_64-fedora-clang, r-devel-linux-x86_64-fedora-gcc, r-devel-windows-x86_64, r-patched-linux-x86_64, r-release-linux-x86_64, r-release-macos-arm64, r-release-macos-x86_64, r-release-windows-x86_64