Last updated on 2025-11-01 08:49:55 CET.
| Flavor | Version | Tinstall | Tcheck | Ttotal | Status | Flags |
|---|---|---|---|---|---|---|
| r-devel-linux-x86_64-debian-clang | 0.1.24 | 6.68 | 53.48 | 60.16 | OK | |
| r-devel-linux-x86_64-debian-gcc | 0.1.24 | 3.67 | 38.74 | 42.41 | OK | |
| r-devel-linux-x86_64-fedora-clang | 0.1.24 | 15.00 | 79.44 | 94.44 | NOTE | |
| r-devel-linux-x86_64-fedora-gcc | 0.1.24 | 32.00 | 77.54 | 109.54 | NOTE | |
| r-devel-windows-x86_64 | 0.1.24 | 8.00 | 65.00 | 73.00 | OK | |
| r-patched-linux-x86_64 | 0.1.24 | 0.36 | 1.92 | 2.28 | ERROR | |
| r-release-linux-x86_64 | 0.1.24 | 5.01 | 50.24 | 55.25 | OK | |
| r-release-macos-arm64 | 0.1.24 | 2.00 | 37.00 | 39.00 | OK | |
| r-release-macos-x86_64 | 0.1.24 | 5.00 | 66.00 | 71.00 | OK | |
| r-release-windows-x86_64 | 0.1.24 | 11.00 | 66.00 | 77.00 | OK | |
| r-oldrel-macos-arm64 | 0.1.24 | 3.00 | 40.00 | 43.00 | OK | |
| r-oldrel-macos-x86_64 | 0.1.24 | 6.00 | 83.00 | 89.00 | OK | |
| r-oldrel-windows-x86_64 | 0.1.24 | 12.00 | 78.00 | 90.00 | OK |
Version: 0.1.24
Check: dependencies in R code
Result: NOTE
Namespaces in Imports field not imported from:
‘KernSmooth’ ‘MASS’ ‘class’ ‘cluster’ ‘lattice’ ‘nnet’
All declared Imports should be used.
Flavors: r-devel-linux-x86_64-fedora-clang, r-devel-linux-x86_64-fedora-gcc
Version: 0.1.24
Check: package dependencies
Result: ERROR
Package required but not available: ‘GSVA’
See section ‘The DESCRIPTION file’ in the ‘Writing R Extensions’
manual.
Flavor: r-patched-linux-x86_64