Last updated on 2025-10-24 09:50:18 CEST.
| Flavor | Version | Tinstall | Tcheck | Ttotal | Status | Flags |
|---|---|---|---|---|---|---|
| r-devel-linux-x86_64-debian-clang | 2.1.3 | 53.78 | 145.98 | 199.76 | OK | |
| r-devel-linux-x86_64-debian-gcc | 2.1.3 | 37.67 | 100.36 | 138.03 | OK | |
| r-devel-linux-x86_64-fedora-clang | 2.1.3 | 131.00 | 196.62 | 327.62 | OK | |
| r-devel-linux-x86_64-fedora-gcc | 2.1.3 | 126.00 | 186.51 | 312.51 | OK | |
| r-devel-windows-x86_64 | 2.1.3 | 67.00 | 173.00 | 240.00 | OK | |
| r-patched-linux-x86_64 | 2.1.3 | 56.27 | 136.22 | 192.49 | OK | |
| r-release-linux-x86_64 | 2.1.3 | 55.75 | 135.04 | 190.79 | OK | |
| r-release-macos-arm64 | 2.1.3 | 22.00 | 58.00 | 80.00 | OK | |
| r-release-macos-x86_64 | 2.1.3 | 34.00 | 121.00 | 155.00 | OK | |
| r-release-windows-x86_64 | 2.1.3 | 67.00 | 176.00 | 243.00 | OK | |
| r-oldrel-macos-arm64 | 2.1.3 | 24.00 | 57.00 | 81.00 | NOTE | |
| r-oldrel-macos-x86_64 | 2.1.3 | 26.00 | 93.00 | 119.00 | NOTE | |
| r-oldrel-windows-x86_64 | 2.1.3 | 83.00 | 218.00 | 301.00 | OK |
Version: 2.1.3
Check: installed package size
Result: NOTE
installed size is 5.5Mb
sub-directories of 1Mb or more:
data 2.0Mb
libs 2.5Mb
Flavors: r-oldrel-macos-arm64, r-oldrel-macos-x86_64