CRAN Package Check Results for Package simplegraph

Last updated on 2025-11-23 09:51:03 CET.

Flavor Version Tinstall Tcheck Ttotal Status Flags
r-devel-linux-x86_64-debian-clang 1.0.1 2.10 27.27 29.37 NOTE
r-devel-linux-x86_64-debian-gcc 1.0.1 1.65 21.56 23.21 NOTE
r-devel-linux-x86_64-fedora-clang 1.0.1 41.64 OK
r-devel-linux-x86_64-fedora-gcc 1.0.1 41.18 OK
r-devel-windows-x86_64 1.0.1 4.00 48.00 52.00 OK
r-patched-linux-x86_64 1.0.1 1.88 24.63 26.51 OK
r-release-linux-x86_64 1.0.1 2.15 24.34 26.49 OK
r-release-macos-arm64 1.0.1 OK
r-release-macos-x86_64 1.0.1 2.00 26.00 28.00 OK
r-release-windows-x86_64 1.0.1 3.00 53.00 56.00 OK
r-oldrel-macos-arm64 1.0.1 OK
r-oldrel-macos-x86_64 1.0.1 2.00 21.00 23.00 OK
r-oldrel-windows-x86_64 1.0.1 5.00 54.00 59.00 OK

Check Details

Version: 1.0.1
Check: CRAN incoming feasibility
Result: NOTE Maintainer: ‘Gabor Csardi <csardi.gabor@gmail.com>’ No Authors@R field in DESCRIPTION. Please add one, modifying Authors@R: person(given = "Gabor", family = "Csardi", role = c("aut", "cre"), email = "csardi.gabor@gmail.com") as necessary. Flavors: r-devel-linux-x86_64-debian-clang, r-devel-linux-x86_64-debian-gcc