Last updated on 2025-10-31 08:50:27 CET.
| Flavor | Version | Tinstall | Tcheck | Ttotal | Status | Flags | 
|---|---|---|---|---|---|---|
| r-devel-linux-x86_64-debian-clang | 4.0.0 | 1.62 | 24.99 | 26.61 | NOTE | |
| r-devel-linux-x86_64-debian-gcc | 4.0.0 | 1.32 | 20.01 | 21.33 | NOTE | |
| r-devel-linux-x86_64-fedora-clang | 4.0.0 | 38.95 | OK | |||
| r-devel-linux-x86_64-fedora-gcc | 4.0.0 | 49.97 | OK | |||
| r-devel-windows-x86_64 | 4.0.0 | 3.00 | 43.00 | 46.00 | OK | |
| r-patched-linux-x86_64 | 4.0.0 | 1.62 | 22.85 | 24.47 | OK | |
| r-release-linux-x86_64 | 4.0.0 | 1.47 | 22.53 | 24.00 | OK | |
| r-release-macos-arm64 | 4.0.0 | 1.00 | 30.00 | 31.00 | OK | |
| r-release-macos-x86_64 | 4.0.0 | 2.00 | 39.00 | 41.00 | OK | |
| r-release-windows-x86_64 | 4.0.0 | 3.00 | 45.00 | 48.00 | OK | |
| r-oldrel-macos-arm64 | 4.0.0 | 1.00 | 21.00 | 22.00 | NOTE | |
| r-oldrel-macos-x86_64 | 4.0.0 | 1.00 | 32.00 | 33.00 | NOTE | |
| r-oldrel-windows-x86_64 | 4.0.0 | 5.00 | 48.00 | 53.00 | NOTE | 
Version: 4.0.0
Check: CRAN incoming feasibility
Result: NOTE
  Maintainer: ‘Adrian Staempfli <adrian.staempfli@fhsg.ch>’
  
  No Authors@R field in DESCRIPTION.
  Please add one, modifying
    Authors@R: c(person(given = "Adrian",
                        family = "Staempfli",
                        role = c("aut", "cre"),
                        email = "adrian.staempfli@fhsg.ch"),
                 person(given = "Christoph",
                        family = "Strauss",
                        role = "aut"),
                 person(given = "Michael",
                        family = "Schmid",
                        role = "aut"))
  as necessary.
Flavors: r-devel-linux-x86_64-debian-clang, r-devel-linux-x86_64-debian-gcc
Version: 4.0.0
Check: LazyData
Result: NOTE
    'LazyData' is specified without a 'data' directory
Flavors: r-oldrel-macos-arm64, r-oldrel-macos-x86_64, r-oldrel-windows-x86_64