Last updated on 2025-10-31 08:50:27 CET.
| Flavor | Version | Tinstall | Tcheck | Ttotal | Status | Flags | 
|---|---|---|---|---|---|---|
| r-devel-linux-x86_64-debian-clang | 1.6 | 7.95 | 90.87 | 98.82 | NOTE | |
| r-devel-linux-x86_64-debian-gcc | 1.6 | 6.17 | 70.54 | 76.71 | NOTE | |
| r-devel-linux-x86_64-fedora-clang | 1.6 | 19.00 | 136.24 | 155.24 | OK | |
| r-devel-linux-x86_64-fedora-gcc | 1.6 | 18.00 | 144.68 | 162.68 | OK | |
| r-devel-windows-x86_64 | 1.6 | 10.00 | 117.00 | 127.00 | OK | |
| r-patched-linux-x86_64 | 1.6 | 7.78 | 88.34 | 96.12 | OK | |
| r-release-linux-x86_64 | 1.6 | 8.17 | 87.53 | 95.70 | OK | |
| r-release-macos-arm64 | 1.6 | 4.00 | 53.00 | 57.00 | OK | |
| r-release-macos-x86_64 | 1.6 | 9.00 | 130.00 | 139.00 | OK | |
| r-release-windows-x86_64 | 1.6 | 10.00 | 122.00 | 132.00 | OK | |
| r-oldrel-macos-arm64 | 1.6 | 4.00 | 49.00 | 53.00 | OK | |
| r-oldrel-macos-x86_64 | 1.6 | 8.00 | 105.00 | 113.00 | OK | |
| r-oldrel-windows-x86_64 | 1.6 | 13.00 | 141.00 | 154.00 | OK | 
Version: 1.6
Check: CRAN incoming feasibility
Result: NOTE
  Maintainer: ‘Oscar Garcia <garcia@dasometrics.net>’
  
  No Authors@R field in DESCRIPTION.
  Please add one, modifying
    Authors@R: person(given = "Oscar",
                      family = "Garcia",
                      role = c("aut", "cre"),
                      email = "https://orcid.org/0000-0002-8995-1341")
  as necessary.
  
  Package CITATION file contains call(s) to old-style personList() or
  as.personList().  Please use c() on person objects instead.
  Package CITATION file contains call(s) to old-style citEntry().  Please
  use bibentry() instead.
Flavors: r-devel-linux-x86_64-debian-clang, r-devel-linux-x86_64-debian-gcc