Last updated on 2024-08-05 09:48:19 CEST.
Flavor | Version | Tinstall | Tcheck | Ttotal | Status | Flags |
---|---|---|---|---|---|---|
r-devel-linux-x86_64-debian-clang | 0.3.0 | 21.90 | 614.51 | 636.41 | OK | |
r-devel-linux-x86_64-debian-gcc | 0.3.0 | 12.49 | 341.84 | 354.33 | OK | |
r-devel-linux-x86_64-fedora-clang | 0.3.0 | 814.59 | OK | |||
r-devel-linux-x86_64-fedora-gcc | 0.3.0 | 786.13 | OK | |||
r-devel-windows-x86_64 | 0.3.0 | 19.00 | 497.00 | 516.00 | OK | |
r-patched-linux-x86_64 | 0.3.0 | 16.00 | 449.50 | 465.50 | OK | |
r-release-linux-x86_64 | 0.3.0 | 15.54 | 588.00 | 603.54 | OK | |
r-release-macos-arm64 | 0.3.0 | 207.00 | OK | |||
r-release-macos-x86_64 | 0.3.0 | 384.00 | OK | |||
r-release-windows-x86_64 | 0.3.0 | 18.00 | 492.00 | 510.00 | OK | |
r-oldrel-macos-arm64 | 0.3.0 | 540.00 | ERROR | |||
r-oldrel-macos-x86_64 | 0.3.0 | 726.00 | ERROR | |||
r-oldrel-windows-x86_64 | 0.3.0 | 25.00 | 578.00 | 603.00 | OK |
Version: 0.3.0
Check: running R code from vignettes
Result: ERROR
Errors in running code in vignettes:
when running code in ‘a_data_generation.Rmd’
...
restarting interrupted promise evaluation
When sourcing ‘a_data_generation.R’:
Error: ! Could not evaluate cli `{}` expression: `project_name()`.
Caused by error in `proj_set(".")`:
! ✖ Path
'/private/var/folders/k4/0jwzxmln0nb8y6rkzprptb640000gq/T/RtmpucikyI/file152c147389659/vignettes/'
does not appear to be inside a project or package.
ℹ Read more in the help for `usethis::proj_get()`.
Execution halted
when running code in ‘b_routine_diagnostics.Rmd’
...
> library(here)
here() starts at /private/var/folders/k4/0jwzxmln0nb8y6rkzprptb640000gq/T/RtmpsP1RFA/file15abb4ced8504/vignettes
> library(knitr)
> include_graphics(here("vignettes", "smdi_diagnose_table.png"))
When sourcing ‘b_routine_diagnostics.R’:
Error: Cannot find the file(s): "/private/var/folders/k4/0jwzxmln0nb8y6rkzprptb640000gq/T/RtmpsP1RFA/file15abb4ced8504/vignettes/vignettes/smdi_diagnose_table.png"
Execution halted
‘a_data_generation.Rmd’ using ‘UTF-8’... failed
‘b_routine_diagnostics.Rmd’ using ‘UTF-8’... failed
‘c_multivariate_missingness.Rmd’ using ‘UTF-8’... [21s/25s] OK
‘d_narfcs_sensitivity_analysis.Rmd’ using ‘UTF-8’... [80s/117s] OK
‘smdi.Rmd’ using ‘UTF-8’... [18s/24s] OK
Flavor: r-oldrel-macos-arm64
Version: 0.3.0
Check: running R code from vignettes
Result: ERROR
Errors in running code in vignettes:
when running code in ‘a_data_generation.Rmd’
...
restarting interrupted promise evaluation
When sourcing ‘a_data_generation.R’:
Error: ! Could not evaluate cli `{}` expression: `project_name()`.
Caused by error in `proj_set(".")`:
! ✖ Path
'/private/var/folders/2b/t0kwbtmn3p7brv2mvx39c9cr0000gn/T/Rtmpcmhor7/filed5115754138f/vignettes/'
does not appear to be inside a project or package.
ℹ Read more in the help for `usethis::proj_get()`.
Execution halted
when running code in ‘b_routine_diagnostics.Rmd’
...
> library(here)
here() starts at /private/var/folders/2b/t0kwbtmn3p7brv2mvx39c9cr0000gn/T/RtmpPdGyu3/filee8d24c027aa/vignettes
> library(knitr)
> include_graphics(here("vignettes", "smdi_diagnose_table.png"))
When sourcing ‘b_routine_diagnostics.R’:
Error: Cannot find the file(s): "/private/var/folders/2b/t0kwbtmn3p7brv2mvx39c9cr0000gn/T/RtmpPdGyu3/filee8d24c027aa/vignettes/vignettes/smdi_diagnose_table.png"
Execution halted
‘a_data_generation.Rmd’ using ‘UTF-8’... failed
‘b_routine_diagnostics.Rmd’ using ‘UTF-8’... failed
‘c_multivariate_missingness.Rmd’ using ‘UTF-8’... [25s/44s] OK
‘d_narfcs_sensitivity_analysis.Rmd’ using ‘UTF-8’... [117s/145s] OK
‘smdi.Rmd’ using ‘UTF-8’... [19s/20s] OK
Flavor: r-oldrel-macos-x86_64