Last updated on 2024-08-16 09:49:17 CEST.
Flavor | Version | Tinstall | Tcheck | Ttotal | Status | Flags |
---|---|---|---|---|---|---|
r-devel-linux-x86_64-debian-clang | 0.3 | 10.67 | 99.80 | 110.47 | NOTE | |
r-devel-linux-x86_64-debian-gcc | 0.3 | 6.95 | 76.61 | 83.56 | NOTE | |
r-devel-linux-x86_64-fedora-clang | 0.3 | 168.49 | NOTE | |||
r-devel-linux-x86_64-fedora-gcc | 0.3 | 161.75 | NOTE | |||
r-devel-windows-x86_64 | 0.3 | 11.00 | 109.00 | 120.00 | NOTE | |
r-patched-linux-x86_64 | 0.3 | 9.75 | 94.73 | 104.48 | NOTE | |
r-release-linux-x86_64 | 0.3 | 7.97 | 94.14 | 102.11 | NOTE | |
r-release-macos-arm64 | 0.3 | 47.00 | NOTE | |||
r-release-macos-x86_64 | 0.3 | 70.00 | NOTE | |||
r-release-windows-x86_64 | 0.3 | 12.00 | 108.00 | 120.00 | NOTE | |
r-oldrel-macos-arm64 | 0.3 | 57.00 | NOTE | |||
r-oldrel-macos-x86_64 | 0.3 | 87.00 | NOTE | |||
r-oldrel-windows-x86_64 | 0.3 | 13.00 | 121.00 | 134.00 | NOTE |
Version: 0.3
Check: LazyData
Result: NOTE
'LazyData' is specified without a 'data' directory
Flavors: r-devel-linux-x86_64-debian-clang, r-devel-linux-x86_64-debian-gcc, r-devel-linux-x86_64-fedora-clang, r-devel-linux-x86_64-fedora-gcc, r-devel-windows-x86_64, r-patched-linux-x86_64, r-release-linux-x86_64, r-release-macos-arm64, r-release-macos-x86_64, r-release-windows-x86_64, r-oldrel-macos-arm64, r-oldrel-macos-x86_64, r-oldrel-windows-x86_64
Version: 0.3
Check: dependencies in R code
Result: NOTE
Namespaces in Imports field not imported from:
‘compiler’ ‘lmtest’
All declared Imports should be used.
Flavors: r-devel-linux-x86_64-fedora-clang, r-devel-linux-x86_64-fedora-gcc
Version: 0.3
Check: package dependencies
Result: NOTE
Package suggested but not available for checking: ‘demography’
Flavor: r-oldrel-macos-x86_64