Last updated on 2024-09-08 09:48:31 CEST.
Flavor | Version | Tinstall | Tcheck | Ttotal | Status | Flags |
---|---|---|---|---|---|---|
r-devel-linux-x86_64-debian-clang | 1.84-6.3 | 2.88 | 28.94 | 31.82 | OK | |
r-devel-linux-x86_64-debian-gcc | 1.84-6.3 | 2.01 | 22.41 | 24.42 | OK | |
r-devel-linux-x86_64-fedora-clang | 1.84-6.3 | 52.17 | OK | |||
r-devel-linux-x86_64-fedora-gcc | 1.84-6.3 | 59.51 | OK | |||
r-devel-windows-x86_64 | 1.84-6.3 | 5.00 | 64.00 | 69.00 | OK | |
r-patched-linux-x86_64 | 1.84-6.3 | 2.45 | 28.04 | 30.49 | OK | |
r-release-linux-x86_64 | 1.84-6.3 | 2.57 | 27.93 | 30.50 | OK | |
r-release-macos-arm64 | 1.84-6.3 | 24.00 | NOTE | |||
r-release-macos-x86_64 | 1.84-6.3 | 39.00 | NOTE | |||
r-release-windows-x86_64 | 1.84-6.3 | 5.00 | 62.00 | 67.00 | OK | |
r-oldrel-macos-arm64 | 1.84-6.3 | 51.00 | NOTE | |||
r-oldrel-macos-x86_64 | 1.84-6.3 | 100.00 | NOTE | |||
r-oldrel-windows-x86_64 | 1.84-6.3 | 4.00 | 60.00 | 64.00 | OK |
Version: 1.84-6.3
Check: package dependencies
Result: NOTE
Package suggested but not available for checking: ‘Rmpi’
Flavors: r-release-macos-arm64, r-release-macos-x86_64, r-oldrel-macos-arm64, r-oldrel-macos-x86_64