Last updated on 2024-09-06 09:49:32 CEST.
Flavor | Version | Tinstall | Tcheck | Ttotal | Status | Flags |
---|---|---|---|---|---|---|
r-devel-linux-x86_64-debian-clang | 0.1.0 | 3.41 | 28.17 | 31.58 | OK | |
r-devel-linux-x86_64-debian-gcc | 0.1.0 | 2.66 | 21.94 | 24.60 | OK | |
r-devel-linux-x86_64-fedora-clang | 0.1.0 | 50.68 | NOTE | |||
r-devel-linux-x86_64-fedora-gcc | 0.1.0 | 47.56 | NOTE | |||
r-devel-windows-x86_64 | 0.1.0 | 6.00 | 54.00 | 60.00 | OK | |
r-patched-linux-x86_64 | 0.1.0 | 3.26 | 26.71 | 29.97 | OK | |
r-release-linux-x86_64 | 0.1.0 | 3.02 | 26.95 | 29.97 | OK | |
r-release-macos-arm64 | 0.1.0 | 19.00 | OK | |||
r-release-macos-x86_64 | 0.1.0 | 29.00 | OK | |||
r-release-windows-x86_64 | 0.1.0 | 7.00 | 53.00 | 60.00 | OK | |
r-oldrel-macos-arm64 | 0.1.0 | 22.00 | OK | |||
r-oldrel-macos-x86_64 | 0.1.0 | 31.00 | OK | |||
r-oldrel-windows-x86_64 | 0.1.0 | 7.00 | 55.00 | 62.00 | OK |
Version: 0.1.0
Check: data for non-ASCII characters
Result: NOTE
Note: found 199 marked UTF-8 strings
Flavors: r-devel-linux-x86_64-fedora-clang, r-devel-linux-x86_64-fedora-gcc