Last updated on 2024-09-08 09:48:32 CEST.
Flavor | Version | Tinstall | Tcheck | Ttotal | Status | Flags |
---|---|---|---|---|---|---|
r-devel-linux-x86_64-debian-clang | 0.3.3 | 20.76 | 24.16 | 44.92 | OK | |
r-devel-linux-x86_64-debian-gcc | 0.3.3 | 14.51 | 19.43 | 33.94 | OK | |
r-devel-linux-x86_64-fedora-clang | 0.3.3 | 77.37 | OK | |||
r-devel-linux-x86_64-fedora-gcc | 0.3.3 | 78.28 | OK | |||
r-devel-windows-x86_64 | 0.3.3 | 23.00 | 80.00 | 103.00 | OK | |
r-patched-linux-x86_64 | 0.3.3 | 18.51 | 23.43 | 41.94 | OK | |
r-release-linux-x86_64 | 0.3.3 | 19.65 | 23.43 | 43.08 | OK | |
r-release-macos-arm64 | 0.3.3 | 37.00 | NOTE | |||
r-release-macos-x86_64 | 0.3.3 | 36.00 | NOTE | |||
r-release-windows-x86_64 | 0.3.3 | 25.00 | 72.00 | 97.00 | OK | |
r-oldrel-macos-arm64 | 0.3.3 | 44.00 | NOTE | |||
r-oldrel-macos-x86_64 | 0.3.3 | 90.00 | NOTE | |||
r-oldrel-windows-x86_64 | 0.3.3 | 26.00 | 75.00 | 101.00 | OK |
Version: 0.3.3
Check: installed package size
Result: NOTE
installed size is 5.2Mb
sub-directories of 1Mb or more:
include 2.1Mb
libs 3.0Mb
Flavors: r-release-macos-arm64, r-release-macos-x86_64, r-oldrel-macos-arm64, r-oldrel-macos-x86_64