Last updated on 2024-09-06 09:49:32 CEST.
Flavor | Version | Tinstall | Tcheck | Ttotal | Status | Flags |
---|---|---|---|---|---|---|
r-devel-linux-x86_64-debian-clang | 0.3.3.7 | 23.39 | 76.27 | 99.66 | NOTE | |
r-devel-linux-x86_64-debian-gcc | 0.3.3.7 | 16.21 | 58.69 | 74.90 | NOTE | |
r-devel-linux-x86_64-fedora-clang | 0.3.3.7 | 170.69 | NOTE | |||
r-devel-linux-x86_64-fedora-gcc | 0.3.3.7 | 175.13 | NOTE | |||
r-devel-windows-x86_64 | 0.3.3.7 | 28.00 | 142.00 | 170.00 | NOTE | |
r-patched-linux-x86_64 | 0.3.3.7 | 23.41 | 73.87 | 97.28 | NOTE | |
r-release-linux-x86_64 | 0.3.3.7 | 20.32 | 73.45 | 93.77 | NOTE | |
r-release-macos-arm64 | 0.3.3.7 | 57.00 | NOTE | |||
r-release-macos-x86_64 | 0.3.3.7 | 87.00 | NOTE | |||
r-release-windows-x86_64 | 0.3.3.7 | 28.00 | 138.00 | 166.00 | NOTE | |
r-oldrel-macos-arm64 | 0.3.3.7 | 66.00 | NOTE | |||
r-oldrel-macos-x86_64 | 0.3.3.7 | 97.00 | NOTE | |||
r-oldrel-windows-x86_64 | 0.3.3.7 | 33.00 | 148.00 | 181.00 | NOTE |
Version: 0.3.3.7
Check: C++ specification
Result: NOTE
Specified C++11: please drop specification unless essential
Flavors: r-devel-linux-x86_64-debian-clang, r-devel-linux-x86_64-debian-gcc, r-devel-linux-x86_64-fedora-clang, r-devel-linux-x86_64-fedora-gcc, r-devel-windows-x86_64, r-patched-linux-x86_64, r-release-linux-x86_64, r-release-macos-arm64, r-release-macos-x86_64, r-release-windows-x86_64, r-oldrel-macos-arm64, r-oldrel-macos-x86_64, r-oldrel-windows-x86_64
Version: 0.3.3.7
Check: Rd files
Result: NOTE
checkRd: (-1) Coord.to.Pointers.Rd:54: Lost braces; missing escapes or markup?
54 | \item{triangle=TRUE}{Input \code{rows} and {cols} represent lower
| ^
checkRd: (-1) Coord.to.Pointers.Rd:59: Lost braces; missing escapes or markup?
59 | \item{triangle=FALSE}{Input \code{rows} and {cols} represent a full
| ^
Flavors: r-devel-linux-x86_64-debian-clang, r-devel-linux-x86_64-debian-gcc, r-devel-linux-x86_64-fedora-clang, r-devel-linux-x86_64-fedora-gcc, r-devel-windows-x86_64, r-patched-linux-x86_64, r-release-linux-x86_64, r-release-macos-arm64, r-release-macos-x86_64, r-release-windows-x86_64