Last updated on 2025-11-19 09:48:51 CET.
| Flavor | Version | Tinstall | Tcheck | Ttotal | Status | Flags |
|---|---|---|---|---|---|---|
| r-devel-linux-x86_64-debian-clang | 1.1.6 | 26.68 | 236.84 | 263.52 | NOTE | |
| r-devel-linux-x86_64-debian-gcc | 1.1.6 | 18.04 | 153.48 | 171.52 | NOTE | |
| r-devel-linux-x86_64-fedora-clang | 1.1.6 | 69.00 | 352.29 | 421.29 | OK | |
| r-devel-linux-x86_64-fedora-gcc | 1.1.6 | 66.00 | 382.32 | 448.32 | OK | |
| r-devel-windows-x86_64 | 1.1.6 | 27.00 | 202.00 | 229.00 | OK | |
| r-patched-linux-x86_64 | 1.1.6 | 25.89 | 225.24 | 251.13 | OK | |
| r-release-linux-x86_64 | 1.1.6 | 28.47 | 227.46 | 255.93 | OK | |
| r-release-macos-arm64 | 1.1.6 | 11.00 | 108.00 | 119.00 | OK | |
| r-release-macos-x86_64 | 1.1.6 | 24.00 | 209.00 | 233.00 | OK | |
| r-release-windows-x86_64 | 1.1.6 | 25.00 | 190.00 | 215.00 | OK | |
| r-oldrel-macos-arm64 | 1.1.6 | 10.00 | 83.00 | 93.00 | OK | |
| r-oldrel-macos-x86_64 | 1.1.6 | 16.00 | 132.00 | 148.00 | OK | |
| r-oldrel-windows-x86_64 | 1.1.6 | 35.00 | 266.00 | 301.00 | OK |
Version: 1.1.6
Check: CRAN incoming feasibility
Result: NOTE
Maintainer: ‘Javier Martinez-Lopez <javi.martinez.lopez@gmail.com>’
No Authors@R field in DESCRIPTION.
Please add one, modifying
Authors@R: c(person(given = "Javier",
family = "Martinez-Lopez",
role = c("aut", "cre"),
email = "javi.martinez.lopez@gmail.com"),
person(given = "Babak",
family = "Naimi",
role = "aut",
email = "naimi.b@gmail.com"),
person(given = "Julia",
family = "Martinez-Fernandez",
role = "aut",
email = "juliamf@um.es"))
as necessary.
Flavors: r-devel-linux-x86_64-debian-clang, r-devel-linux-x86_64-debian-gcc