Last updated on 2025-11-23 09:51:04 CET.
| Flavor | Version | Tinstall | Tcheck | Ttotal | Status | Flags |
|---|---|---|---|---|---|---|
| r-devel-linux-x86_64-debian-clang | 0.1-1 | 5.36 | 48.74 | 54.10 | NOTE | |
| r-devel-linux-x86_64-debian-gcc | 0.1-1 | 3.66 | 38.58 | 42.24 | NOTE | |
| r-devel-linux-x86_64-fedora-clang | 0.1-1 | 16.00 | 67.81 | 83.81 | NOTE | |
| r-devel-linux-x86_64-fedora-gcc | 0.1-1 | 44.00 | 50.64 | 94.64 | NOTE | |
| r-devel-windows-x86_64 | 0.1-1 | 7.00 | 69.00 | 76.00 | OK | |
| r-patched-linux-x86_64 | 0.1-1 | 4.65 | 46.91 | 51.56 | NOTE | |
| r-release-linux-x86_64 | 0.1-1 | 5.84 | 46.65 | 52.49 | NOTE | |
| r-release-macos-arm64 | 0.1-1 | OK | ||||
| r-release-macos-x86_64 | 0.1-1 | 4.00 | 49.00 | 53.00 | OK | |
| r-release-windows-x86_64 | 0.1-1 | 7.00 | 68.00 | 75.00 | OK | |
| r-oldrel-macos-arm64 | 0.1-1 | NOTE | ||||
| r-oldrel-macos-x86_64 | 0.1-1 | 3.00 | 38.00 | 41.00 | NOTE | |
| r-oldrel-windows-x86_64 | 0.1-1 | 8.00 | 71.00 | 79.00 | NOTE |
Version: 0.1-1
Check: for non-standard things in the check directory
Result: NOTE
Found the following files/directories:
‘.neig’
Flavors: r-devel-linux-x86_64-debian-clang, r-devel-linux-x86_64-debian-gcc, r-devel-linux-x86_64-fedora-clang, r-devel-linux-x86_64-fedora-gcc, r-patched-linux-x86_64, r-release-linux-x86_64
Version: 0.1-1
Check: LazyData
Result: NOTE
'LazyData' is specified without a 'data' directory
Flavors: r-oldrel-macos-arm64, r-oldrel-macos-x86_64, r-oldrel-windows-x86_64