Last updated on 2025-05-14 09:49:52 CEST.
Flavor | Version | Tinstall | Tcheck | Ttotal | Status | Flags |
---|---|---|---|---|---|---|
r-devel-linux-x86_64-debian-clang | 2.2-3 | 3.91 | 83.25 | 87.16 | NOTE | |
r-devel-linux-x86_64-debian-gcc | 2.2-3 | 2.93 | 61.76 | 64.69 | NOTE | |
r-devel-linux-x86_64-fedora-clang | 2.2-3 | 134.82 | OK | |||
r-devel-linux-x86_64-fedora-gcc | 2.2-3 | 152.56 | OK | |||
r-devel-windows-x86_64 | 2.2-3 | 6.00 | 128.00 | 134.00 | OK | |
r-patched-linux-x86_64 | 2.2-3 | 3.95 | 84.76 | 88.71 | OK | |
r-release-linux-x86_64 | 2.2-3 | 3.07 | 85.75 | 88.82 | OK | |
r-release-macos-arm64 | 2.2-3 | 51.00 | OK | |||
r-release-macos-x86_64 | 2.2-3 | 186.00 | OK | |||
r-release-windows-x86_64 | 2.2-3 | 4.00 | 125.00 | 129.00 | OK | |
r-oldrel-macos-arm64 | 2.2-3 | 54.00 | OK | |||
r-oldrel-macos-x86_64 | 2.2-3 | 109.00 | OK | |||
r-oldrel-windows-x86_64 | 2.2-3 | 6.00 | 146.00 | 152.00 | OK |
Version: 2.2-3
Check: CRAN incoming feasibility
Result: NOTE
Maintainer: ‘Valentin Todorov <valentin.todorov@chello.at>’
No Authors@R field in DESCRIPTION.
Please add one, modifying
Authors@R: c(person(given = "Dongjun",
family = "Chung",
role = "aut",
email = "chungdon@stat.wisc.edu"),
person(given = "Hyonho",
family = "Chun",
role = "aut",
email = "chun@stat.wisc.edu"),
person(given = "Sunduz",
family = "Keles",
role = "aut",
email = "keles@stat.wisc.edu"),
person(given = "Valentin",
family = "Todorov",
role = "cre",
email = "valentin.todorov@chello.at"))
as necessary.
Flavors: r-devel-linux-x86_64-debian-clang, r-devel-linux-x86_64-debian-gcc