CRAN Package Check Results for Package spsComps

Last updated on 2025-05-25 09:49:57 CEST.

Flavor Version Tinstall Tcheck Ttotal Status Flags
r-devel-linux-x86_64-debian-clang 0.3.3.0 6.73 46.30 53.03 NOTE
r-devel-linux-x86_64-debian-gcc 0.3.3.0 3.81 35.56 39.37 NOTE
r-devel-linux-x86_64-fedora-clang 0.3.3.0 80.24 OK
r-devel-linux-x86_64-fedora-gcc 0.3.3.0 77.10 OK
r-devel-windows-x86_64 0.3.3.0 9.00 115.00 124.00 NOTE
r-patched-linux-x86_64 0.3.3.0 7.45 42.77 50.22 NOTE
r-release-linux-x86_64 0.3.3.0 5.68 43.21 48.89 NOTE
r-release-macos-arm64 0.3.3.0 42.00 OK
r-release-macos-x86_64 0.3.3.0 55.00 OK
r-release-windows-x86_64 0.3.3.0 8.00 70.00 78.00 NOTE
r-oldrel-macos-arm64 0.3.3.0 27.00 OK
r-oldrel-macos-x86_64 0.3.3.0 37.00 OK
r-oldrel-windows-x86_64 0.3.3.0 11.00 78.00 89.00 OK

Check Details

Version: 0.3.3.0
Check: Rd cross-references
Result: NOTE Found the following Rd file(s) with Rd \link{} targets missing package anchors: onNextInput.Rd: observeEvent Please provide package anchors for all Rd \link{} targets not in the package itself and the base packages. Flavors: r-devel-linux-x86_64-debian-clang, r-devel-linux-x86_64-debian-gcc, r-devel-windows-x86_64, r-patched-linux-x86_64, r-release-linux-x86_64, r-release-windows-x86_64