Last updated on 2025-10-21 09:48:48 CEST.
Flavor | Version | Tinstall | Tcheck | Ttotal | Status | Flags |
---|---|---|---|---|---|---|
r-devel-linux-x86_64-debian-clang | 0.6-4 | 2.55 | 69.12 | 71.67 | NOTE | |
r-devel-linux-x86_64-debian-gcc | 0.6-4 | 2.09 | 69.72 | 71.81 | NOTE | |
r-devel-linux-x86_64-fedora-clang | 0.6-4 | 106.87 | NOTE | |||
r-devel-linux-x86_64-fedora-gcc | 0.6-4 | 108.52 | NOTE | |||
r-devel-windows-x86_64 | 0.6-4 | 5.00 | 59.00 | 64.00 | NOTE | |
r-patched-linux-x86_64 | 0.6-4 | 3.01 | 64.97 | 67.98 | NOTE | |
r-release-linux-x86_64 | 0.6-4 | 2.10 | 63.83 | 65.93 | NOTE | |
r-release-macos-arm64 | 0.6-4 | 38.00 | NOTE | |||
r-release-macos-x86_64 | 0.6-4 | 96.00 | NOTE | |||
r-release-windows-x86_64 | 0.6-4 | 6.00 | 61.00 | 67.00 | NOTE | |
r-oldrel-macos-arm64 | 0.6-4 | 37.00 | NOTE | |||
r-oldrel-macos-x86_64 | 0.6-4 | 48.00 | NOTE | |||
r-oldrel-windows-x86_64 | 0.6-4 | 6.00 | 72.00 | 78.00 | NOTE |
Version: 0.6-4
Check: CRAN incoming feasibility
Result: NOTE
Maintainer: ‘Benjamin Hofner <benjamin.hofner@pei.de>’
Package CITATION file contains call(s) to old-style personList() or
as.personList(). Please use c() on person objects instead.
Package CITATION file contains call(s) to old-style citEntry(). Please
use bibentry() instead.
Flavors: r-devel-linux-x86_64-debian-clang, r-devel-linux-x86_64-debian-gcc
Version: 0.6-4
Check: Rd files
Result: NOTE
checkRd: (-1) stabsel_parameters.Rd:42: Lost braces
42 | always use code{"none"}.}
| ^
checkRd: (-1) stabsel_stabsel.Rd:25: Lost braces
25 | always use code{"none"}.}
| ^
Flavors: r-devel-linux-x86_64-debian-clang, r-devel-linux-x86_64-debian-gcc, r-devel-linux-x86_64-fedora-clang, r-devel-linux-x86_64-fedora-gcc, r-devel-windows-x86_64, r-patched-linux-x86_64, r-release-linux-x86_64, r-release-macos-arm64, r-release-macos-x86_64, r-release-windows-x86_64, r-oldrel-macos-arm64, r-oldrel-macos-x86_64, r-oldrel-windows-x86_64
Version: 0.6-4
Check: top-level files
Result: NOTE
Found the following validation problem for the NEWS.Rd HTML conversion:
NEWS.html:64:1 (inst/NEWS.Rd:25): Warning: <h4> anchor "Bug-fixes" already defined
NEWS.html:83:1 (inst/NEWS.Rd:35): Warning: <h4> anchor "Miscellaneous" already defined
NEWS.html:107:1 (inst/NEWS.Rd:46): Warning: <h4> anchor "Miscellaneous" already defined
NEWS.html:125:1 (inst/NEWS.Rd:55): Warning: <h4> anchor "User-visible-changes" already defined
NEWS.html:157:1 (inst/NEWS.Rd:75): Warning: <h4> anchor "Miscellaneous" already defined
NEWS.html:189:1 (inst/NEWS.Rd:91): Warning: <h4> anchor "Bug-fixes" already defined
NEWS.html:225:1 (inst/NEWS.Rd:110): Warning: <h4> anchor "Bug-fixes" already defined
NEWS.html:245:1 (inst/NEWS.Rd:121): Warning: <h4> anchor "User-visible-changes" already defined
NEWS.html:283:1 (inst/NEWS.Rd:141): Warning: <h4> anchor "Miscellaneous" already defined
NEWS.html:308:1 (inst/NEWS.Rd:153): Warning: <h4> anchor "Bug-fixes" already defined
Flavor: r-devel-linux-x86_64-debian-gcc
Version: 0.6-4
Check: LazyData
Result: NOTE
'LazyData' is specified without a 'data' directory
Flavors: r-oldrel-macos-arm64, r-oldrel-macos-x86_64, r-oldrel-windows-x86_64