Last updated on 2024-08-05 09:48:19 CEST.
Flavor | Version | Tinstall | Tcheck | Ttotal | Status | Flags |
---|---|---|---|---|---|---|
r-devel-linux-x86_64-debian-clang | 1.1.10 | 11.62 | 107.28 | 118.90 | NOTE | |
r-devel-linux-x86_64-debian-gcc | 1.1.10 | 7.94 | 59.17 | 67.11 | NOTE | |
r-devel-linux-x86_64-fedora-clang | 1.1.10 | 162.89 | NOTE | |||
r-devel-linux-x86_64-fedora-gcc | 1.1.10 | 142.20 | NOTE | |||
r-devel-windows-x86_64 | 1.1.10 | 13.00 | 100.00 | 113.00 | NOTE | |
r-patched-linux-x86_64 | 1.1.10 | 11.29 | 78.30 | 89.59 | NOTE | |
r-release-linux-x86_64 | 1.1.10 | 9.97 | 103.35 | 113.32 | NOTE | |
r-release-macos-arm64 | 1.1.10 | 43.00 | NOTE | |||
r-release-macos-x86_64 | 1.1.10 | 63.00 | NOTE | |||
r-release-windows-x86_64 | 1.1.10 | 13.00 | 94.00 | 107.00 | NOTE | |
r-oldrel-macos-arm64 | 1.1.10 | 44.00 | NOTE | |||
r-oldrel-macos-x86_64 | 1.1.10 | 76.00 | NOTE | |||
r-oldrel-windows-x86_64 | 1.1.10 | 16.00 | 114.00 | 130.00 | NOTE |
Version: 1.1.10
Check: Rd files
Result: NOTE
checkRd: (-1) multiCUMSUM.Rd:33: Escaped LaTeX specials: \&
Flavors: r-devel-linux-x86_64-debian-clang, r-devel-linux-x86_64-debian-gcc, r-devel-linux-x86_64-fedora-clang, r-devel-linux-x86_64-fedora-gcc, r-devel-windows-x86_64, r-patched-linux-x86_64, r-release-linux-x86_64, r-release-macos-arm64, r-release-macos-x86_64, r-release-windows-x86_64, r-oldrel-macos-arm64, r-oldrel-macos-x86_64, r-oldrel-windows-x86_64