Last updated on 2025-10-22 09:50:53 CEST.
Flavor | Version | Tinstall | Tcheck | Ttotal | Status | Flags |
---|---|---|---|---|---|---|
r-devel-linux-x86_64-debian-clang | 1.0.4 | 4.98 | 192.94 | 197.92 | NOTE | |
r-devel-linux-x86_64-debian-gcc | 1.0.4 | 3.26 | 126.21 | 129.47 | NOTE | |
r-devel-linux-x86_64-fedora-clang | 1.0.4 | 11.00 | 285.02 | 296.02 | OK | |
r-devel-linux-x86_64-fedora-gcc | 1.0.4 | 13.00 | 290.48 | 303.48 | OK | |
r-devel-windows-x86_64 | 1.0.4 | 7.00 | 185.00 | 192.00 | OK | |
r-patched-linux-x86_64 | 1.0.4 | 4.69 | 180.68 | 185.37 | OK | |
r-release-linux-x86_64 | 1.0.4 | 4.86 | 179.86 | 184.72 | OK | |
r-release-macos-arm64 | 1.0.4 | 3.00 | 81.00 | 84.00 | OK | |
r-release-macos-x86_64 | 1.0.4 | 5.00 | 123.00 | 128.00 | OK | |
r-release-windows-x86_64 | 1.0.4 | 8.00 | 185.00 | 193.00 | OK | |
r-oldrel-macos-arm64 | 1.0.4 | 3.00 | 99.00 | 102.00 | OK | |
r-oldrel-macos-x86_64 | 1.0.4 | 5.00 | 147.00 | 152.00 | OK | |
r-oldrel-windows-x86_64 | 1.0.4 | 9.00 | 251.00 | 260.00 | OK |
Version: 1.0.4
Check: HTML version of manual
Result: NOTE
Found the following HTML validation problems:
print.summary.QTLMPP.html:51:1 (print.summary.QTLMPP.Rd:12): Warning: missing </ul> before </div>
Flavors: r-devel-linux-x86_64-debian-clang, r-devel-linux-x86_64-debian-gcc